

{"id":63162,"date":"2024-05-10T09:00:23","date_gmt":"2024-05-10T06:00:23","guid":{"rendered":"https:\/\/zeytinburnu.istanbul\/?post_type=personel&#038;p=63162"},"modified":"2024-05-10T23:13:14","modified_gmt":"2024-05-10T20:13:14","slug":"rifat-avci","status":"publish","type":"personel","link":"https:\/\/zeytinburnu.istanbul\/personel\/rifat-avci\/","title":{"rendered":"Rifat AVCI"},"content":{"rendered":"<p>1971 y\u0131l\u0131nda Diyarbak\u0131r&#8217;\u0131n Bismil il\u00e7esinde do\u011fdu. \u00d6\u011fretim hayat\u0131n\u0131 Bismil&#8217;de tamamlad\u0131. 2019-2023 y\u0131llar\u0131nda CHP il\u00e7e ba\u015fkan yard\u0131mc\u0131l\u0131\u011f\u0131 ve BJK kongre \u00fcyeli\u011fi y\u00fcr\u00fctt\u00fc. Zeytinburnu&#8217;nda esnafl\u0131k yapt\u0131. Evli ve \u00fc\u00e7 \u00e7ocuk babas\u0131d\u0131r.<\/p>\n","protected":false},"featured_media":63570,"template":"","gorevlendirme":[25],"acf":[],"yoast_head":"<!-- This site is optimized with the Yoast SEO plugin v21.5 - https:\/\/yoast.com\/wordpress\/plugins\/seo\/ -->\n<title>Rifat AVCI - Zeytinburnu Belediyesi<\/title>\n<meta name=\"robots\" content=\"index, follow, max-snippet:-1, max-image-preview:large, max-video-preview:-1\" \/>\n<link rel=\"canonical\" href=\"https:\/\/zeytinburnu.istanbul\/personel\/rifat-avci\/\" \/>\n<meta property=\"og:locale\" content=\"tr_TR\" \/>\n<meta property=\"og:type\" content=\"article\" \/>\n<meta property=\"og:title\" content=\"Rifat AVCI - Zeytinburnu Belediyesi\" \/>\n<meta property=\"og:description\" content=\"1971 y\u0131l\u0131nda Diyarbak\u0131r&#8217;\u0131n Bismil il\u00e7esinde do\u011fdu. \u00d6\u011fretim hayat\u0131n\u0131 Bismil&#8217;de tamamlad\u0131. 2019-2023 y\u0131llar\u0131nda CHP il\u00e7e ba\u015fkan yard\u0131mc\u0131l\u0131\u011f\u0131 ve BJK kongre \u00fcyeli\u011fi y\u00fcr\u00fctt\u00fc. Zeytinburnu&#8217;nda esnafl\u0131k yapt\u0131. Evli ve \u00fc\u00e7 \u00e7ocuk babas\u0131d\u0131r.\" \/>\n<meta property=\"og:url\" content=\"https:\/\/zeytinburnu.istanbul\/personel\/rifat-avci\/\" \/>\n<meta property=\"og:site_name\" content=\"Zeytinburnu Belediyesi\" \/>\n<meta property=\"article:publisher\" content=\"https:\/\/web.facebook.com\/zeytinburnubld\/\" \/>\n<meta property=\"article:modified_time\" content=\"2024-05-10T20:13:14+00:00\" \/>\n<meta property=\"og:image\" content=\"https:\/\/zeytinburnu.istanbul\/wp-content\/uploads\/2024\/04\/rifat_avci-2.jpg\" \/>\n\t<meta property=\"og:image:width\" content=\"228\" \/>\n\t<meta property=\"og:image:height\" content=\"288\" \/>\n\t<meta property=\"og:image:type\" content=\"image\/jpeg\" \/>\n<meta name=\"twitter:card\" content=\"summary_large_image\" \/>\n<meta name=\"twitter:site\" content=\"@zeytinburnubld\" \/>\n<meta name=\"twitter:label1\" content=\"Tahmini okuma s\u00fcresi\" \/>\n\t<meta name=\"twitter:data1\" content=\"1 dakika\" \/>\n<script type=\"application\/ld+json\" class=\"yoast-schema-graph\">{\"@context\":\"https:\/\/schema.org\",\"@graph\":[{\"@type\":\"WebPage\",\"@id\":\"https:\/\/zeytinburnu.istanbul\/personel\/rifat-avci\/\",\"url\":\"https:\/\/zeytinburnu.istanbul\/personel\/rifat-avci\/\",\"name\":\"Rifat AVCI - Zeytinburnu Belediyesi\",\"isPartOf\":{\"@id\":\"https:\/\/zeytinburnu.istanbul\/#website\"},\"datePublished\":\"2024-05-10T06:00:23+00:00\",\"dateModified\":\"2024-05-10T20:13:14+00:00\",\"breadcrumb\":{\"@id\":\"https:\/\/zeytinburnu.istanbul\/personel\/rifat-avci\/#breadcrumb\"},\"inLanguage\":\"tr\",\"potentialAction\":[{\"@type\":\"ReadAction\",\"target\":[\"https:\/\/zeytinburnu.istanbul\/personel\/rifat-avci\/\"]}]},{\"@type\":\"BreadcrumbList\",\"@id\":\"https:\/\/zeytinburnu.istanbul\/personel\/rifat-avci\/#breadcrumb\",\"itemListElement\":[{\"@type\":\"ListItem\",\"position\":1,\"name\":\"Anasayfa\",\"item\":\"https:\/\/zeytinburnu.istanbul\/\"},{\"@type\":\"ListItem\",\"position\":2,\"name\":\"Rifat AVCI\"}]},{\"@type\":\"WebSite\",\"@id\":\"https:\/\/zeytinburnu.istanbul\/#website\",\"url\":\"https:\/\/zeytinburnu.istanbul\/\",\"name\":\"Zeytinburnu Belediyesi\",\"description\":\"\",\"potentialAction\":[{\"@type\":\"SearchAction\",\"target\":{\"@type\":\"EntryPoint\",\"urlTemplate\":\"https:\/\/zeytinburnu.istanbul\/?s={search_term_string}\"},\"query-input\":\"required name=search_term_string\"}],\"inLanguage\":\"tr\"}]}<\/script>\n<!-- \/ Yoast SEO plugin. -->","yoast_head_json":{"title":"Rifat AVCI - Zeytinburnu Belediyesi","robots":{"index":"index","follow":"follow","max-snippet":"max-snippet:-1","max-image-preview":"max-image-preview:large","max-video-preview":"max-video-preview:-1"},"canonical":"https:\/\/zeytinburnu.istanbul\/personel\/rifat-avci\/","og_locale":"tr_TR","og_type":"article","og_title":"Rifat AVCI - Zeytinburnu Belediyesi","og_description":"1971 y\u0131l\u0131nda Diyarbak\u0131r&#8217;\u0131n Bismil il\u00e7esinde do\u011fdu. \u00d6\u011fretim hayat\u0131n\u0131 Bismil&#8217;de tamamlad\u0131. 2019-2023 y\u0131llar\u0131nda CHP il\u00e7e ba\u015fkan yard\u0131mc\u0131l\u0131\u011f\u0131 ve BJK kongre \u00fcyeli\u011fi y\u00fcr\u00fctt\u00fc. Zeytinburnu&#8217;nda esnafl\u0131k yapt\u0131. Evli ve \u00fc\u00e7 \u00e7ocuk babas\u0131d\u0131r.","og_url":"https:\/\/zeytinburnu.istanbul\/personel\/rifat-avci\/","og_site_name":"Zeytinburnu Belediyesi","article_publisher":"https:\/\/web.facebook.com\/zeytinburnubld\/","article_modified_time":"2024-05-10T20:13:14+00:00","og_image":[{"width":228,"height":288,"url":"https:\/\/zeytinburnu.istanbul\/wp-content\/uploads\/2024\/04\/rifat_avci-2.jpg","type":"image\/jpeg"}],"twitter_card":"summary_large_image","twitter_site":"@zeytinburnubld","twitter_misc":{"Tahmini okuma s\u00fcresi":"1 dakika"},"schema":{"@context":"https:\/\/schema.org","@graph":[{"@type":"WebPage","@id":"https:\/\/zeytinburnu.istanbul\/personel\/rifat-avci\/","url":"https:\/\/zeytinburnu.istanbul\/personel\/rifat-avci\/","name":"Rifat AVCI - Zeytinburnu Belediyesi","isPartOf":{"@id":"https:\/\/zeytinburnu.istanbul\/#website"},"datePublished":"2024-05-10T06:00:23+00:00","dateModified":"2024-05-10T20:13:14+00:00","breadcrumb":{"@id":"https:\/\/zeytinburnu.istanbul\/personel\/rifat-avci\/#breadcrumb"},"inLanguage":"tr","potentialAction":[{"@type":"ReadAction","target":["https:\/\/zeytinburnu.istanbul\/personel\/rifat-avci\/"]}]},{"@type":"BreadcrumbList","@id":"https:\/\/zeytinburnu.istanbul\/personel\/rifat-avci\/#breadcrumb","itemListElement":[{"@type":"ListItem","position":1,"name":"Anasayfa","item":"https:\/\/zeytinburnu.istanbul\/"},{"@type":"ListItem","position":2,"name":"Rifat AVCI"}]},{"@type":"WebSite","@id":"https:\/\/zeytinburnu.istanbul\/#website","url":"https:\/\/zeytinburnu.istanbul\/","name":"Zeytinburnu Belediyesi","description":"","potentialAction":[{"@type":"SearchAction","target":{"@type":"EntryPoint","urlTemplate":"https:\/\/zeytinburnu.istanbul\/?s={search_term_string}"},"query-input":"required name=search_term_string"}],"inLanguage":"tr"}]}},"meta_data":{"sidebar_tipi":"varsayilan","detay_tipi":false,"uyesi_oldugu_siyasi_parti":"CHP","unvan":"","image_details":{"thumbnail":{"url":"https:\/\/zeytinburnu.istanbul\/wp-content\/uploads\/2024\/04\/rifat_avci-2.jpg"},"full":{"file":"2024\/04\/rifat_avci-2.jpg","width":228,"height":288,"mime_type":"image\/jpeg","url":"https:\/\/zeytinburnu.istanbul\/wp-content\/uploads\/2024\/04\/rifat_avci-2.jpg"}}},"_links":{"self":[{"href":"https:\/\/zeytinburnu.istanbul\/api\/wp\/v2\/personel\/63162"}],"collection":[{"href":"https:\/\/zeytinburnu.istanbul\/api\/wp\/v2\/personel"}],"about":[{"href":"https:\/\/zeytinburnu.istanbul\/api\/wp\/v2\/types\/personel"}],"wp:featuredmedia":[{"embeddable":true,"href":"https:\/\/zeytinburnu.istanbul\/api\/wp\/v2\/media\/63570"}],"wp:attachment":[{"href":"https:\/\/zeytinburnu.istanbul\/api\/wp\/v2\/media?parent=63162"}],"wp:term":[{"taxonomy":"gorevlendirme","embeddable":true,"href":"https:\/\/zeytinburnu.istanbul\/api\/wp\/v2\/gorevlendirme?post=63162"}],"curies":[{"name":"wp","href":"https:\/\/api.w.org\/{rel}","templated":true}]}}

<p>1971 yılında Diyarbakır&#8217;ın Bismil ilçesinde doğdu. Öğretim hayatını Bismil&#8217;de tamamladı. 2019-2023 yıllarında CHP ilçe başkan yardımcılığı ve BJK kongre üyeliği yürüttü. Zeytinburnu&#8217;nda esnaflık yaptı. Evli ve üç çocuk babasıdır.</p>

<!-- This site is optimized with the Yoast SEO plugin v21.5 - https://yoast.com/wordpress/plugins/seo/ -->
<title>Rifat AVCI - Zeytinburnu Belediyesi</title>
<meta name="robots" content="index, follow, max-snippet:-1, max-image-preview:large, max-video-preview:-1" />
<link rel="canonical" href="https://zeytinburnu.istanbul/personel/rifat-avci/" />
<meta property="og:locale" content="tr_TR" />
<meta property="og:type" content="article" />
<meta property="og:title" content="Rifat AVCI - Zeytinburnu Belediyesi" />
<meta property="og:description" content="1971 yılında Diyarbakır&#8217;ın Bismil ilçesinde doğdu. Öğretim hayatını Bismil&#8217;de tamamladı. 2019-2023 yıllarında CHP ilçe başkan yardımcılığı ve BJK kongre üyeliği yürüttü. Zeytinburnu&#8217;nda esnaflık yaptı. Evli ve üç çocuk babasıdır." />
<meta property="og:url" content="https://zeytinburnu.istanbul/personel/rifat-avci/" />
<meta property="og:site_name" content="Zeytinburnu Belediyesi" />
<meta property="article:publisher" content="https://web.facebook.com/zeytinburnubld/" />
<meta property="article:modified_time" content="2024-05-10T20:13:14+00:00" />
<meta property="og:image" content="https://zeytinburnu.istanbul/wp-content/uploads/2024/04/rifat_avci-2.jpg" />
	<meta property="og:image:width" content="228" />
	<meta property="og:image:height" content="288" />
	<meta property="og:image:type" content="image/jpeg" />
<meta name="twitter:card" content="summary_large_image" />
<meta name="twitter:site" content="@zeytinburnubld" />
<meta name="twitter:label1" content="Tahmini okuma süresi" />
	<meta name="twitter:data1" content="1 dakika" />
<script type="application/ld+json" class="yoast-schema-graph">{"@context":"https://schema.org","@graph":[{"@type":"WebPage","@id":"https://zeytinburnu.istanbul/personel/rifat-avci/","url":"https://zeytinburnu.istanbul/personel/rifat-avci/","name":"Rifat AVCI - Zeytinburnu Belediyesi","isPartOf":{"@id":"https://zeytinburnu.istanbul/#website"},"datePublished":"2024-05-10T06:00:23+00:00","dateModified":"2024-05-10T20:13:14+00:00","breadcrumb":{"@id":"https://zeytinburnu.istanbul/personel/rifat-avci/#breadcrumb"},"inLanguage":"tr","potentialAction":[{"@type":"ReadAction","target":["https://zeytinburnu.istanbul/personel/rifat-avci/"]}]},{"@type":"BreadcrumbList","@id":"https://zeytinburnu.istanbul/personel/rifat-avci/#breadcrumb","itemListElement":[{"@type":"ListItem","position":1,"name":"Anasayfa","item":"https://zeytinburnu.istanbul/"},{"@type":"ListItem","position":2,"name":"Rifat AVCI"}]},{"@type":"WebSite","@id":"https://zeytinburnu.istanbul/#website","url":"https://zeytinburnu.istanbul/","name":"Zeytinburnu Belediyesi","description":"","potentialAction":[{"@type":"SearchAction","target":{"@type":"EntryPoint","urlTemplate":"https://zeytinburnu.istanbul/?s={search_term_string}"},"query-input":"required name=search_term_string"}],"inLanguage":"tr"}]}</script>
<!-- / Yoast SEO plugin. -->

1971 yılında Diyarbakır&#8217;ın Bismil ilçesinde doğdu. Öğretim hayatını Bismil&#8217;de tamamladı. 2019-2023 yıllarında CHP ilçe başkan yardımcılığı ve BJK kongre üyeliği yürüttü. Zeytinburnu&#8217;nda esnaflık yaptı. Evli ve üç çocuk babasıdır.
