

{"id":63160,"date":"2024-05-10T09:17:03","date_gmt":"2024-05-10T06:17:03","guid":{"rendered":"https:\/\/zeytinburnu.istanbul\/?post_type=personel&#038;p=63160"},"modified":"2024-05-10T23:14:52","modified_gmt":"2024-05-10T20:14:52","slug":"suleyman-dag","status":"publish","type":"personel","link":"https:\/\/zeytinburnu.istanbul\/personel\/suleyman-dag\/","title":{"rendered":"S\u00fcleyman DA\u011e"},"content":{"rendered":"<p>1983 y\u0131l\u0131nda Midyat&#8217;ta do\u011fdu. 1991 y\u0131l\u0131ndan itibaren Zeytinburnu&#8217;nda ikamet etmektedir. Anadolu \u00dcniversitesi \u0130ktisat Fak\u00fcltesi Siyaset Bilimi ve Kamu Y\u00f6netimi b\u00f6l\u00fcm\u00fc mezunudur. 2019-2023 y\u0131llar\u0131 aras\u0131nda CHP Zeytinburnu il\u00e7e ba\u015fkan yard\u0131mc\u0131l\u0131\u011f\u0131 g\u00f6revini \u00fcstlenmi\u015ftir. Mardin Dernekleri Federasyonu (MARD\u0130NFED) ba\u015fkan yard\u0131mc\u0131l\u0131\u011f\u0131, \u0130stanbul Zeytinburnu Dernekler Federasyonu (\u0130ZEDEF) kurucu ba\u015fkan yard\u0131mc\u0131l\u0131\u011f\u0131, Telsiz Mahallesi K\u00fclt\u00fcr ve Dayan\u0131\u015fma Derne\u011fi&#8217;nde ba\u015fkanl\u0131k; Mardin Midyat Alt\u0131nta\u015f (KEFERZEDER) K\u00f6y\u00fc Derne\u011finde ba\u015fkan vekilli\u011fi yapmaktad\u0131r. Gayrimenkul ve turizm i\u015fleriyle i\u015ftigal etmektedir. Evli ve iki \u00e7ocuk babas\u0131d\u0131r.<\/p>\n","protected":false},"featured_media":63575,"template":"","gorevlendirme":[25],"acf":[],"yoast_head":"<!-- This site is optimized with the Yoast SEO plugin v21.5 - https:\/\/yoast.com\/wordpress\/plugins\/seo\/ -->\n<title>S\u00fcleyman DA\u011e - Zeytinburnu Belediyesi<\/title>\n<meta name=\"robots\" content=\"index, follow, max-snippet:-1, max-image-preview:large, max-video-preview:-1\" \/>\n<link rel=\"canonical\" href=\"https:\/\/zeytinburnu.istanbul\/personel\/suleyman-dag\/\" \/>\n<meta property=\"og:locale\" content=\"tr_TR\" \/>\n<meta property=\"og:type\" content=\"article\" \/>\n<meta property=\"og:title\" content=\"S\u00fcleyman DA\u011e - Zeytinburnu Belediyesi\" \/>\n<meta property=\"og:description\" content=\"1983 y\u0131l\u0131nda Midyat&#8217;ta do\u011fdu. 1991 y\u0131l\u0131ndan itibaren Zeytinburnu&#8217;nda ikamet etmektedir. Anadolu \u00dcniversitesi \u0130ktisat Fak\u00fcltesi Siyaset Bilimi ve Kamu Y\u00f6netimi b\u00f6l\u00fcm\u00fc mezunudur. 2019-2023 y\u0131llar\u0131 aras\u0131nda CHP Zeytinburnu il\u00e7e ba\u015fkan yard\u0131mc\u0131l\u0131\u011f\u0131 g\u00f6revini \u00fcstlenmi\u015ftir. Mardin Dernekleri Federasyonu (MARD\u0130NFED) ba\u015fkan yard\u0131mc\u0131l\u0131\u011f\u0131, \u0130stanbul Zeytinburnu Dernekler Federasyonu (\u0130ZEDEF) kurucu ba\u015fkan yard\u0131mc\u0131l\u0131\u011f\u0131, Telsiz Mahallesi K\u00fclt\u00fcr ve Dayan\u0131\u015fma Derne\u011fi&#8217;nde ba\u015fkanl\u0131k; Mardin Midyat Alt\u0131nta\u015f [&hellip;]\" \/>\n<meta property=\"og:url\" content=\"https:\/\/zeytinburnu.istanbul\/personel\/suleyman-dag\/\" \/>\n<meta property=\"og:site_name\" content=\"Zeytinburnu Belediyesi\" \/>\n<meta property=\"article:publisher\" content=\"https:\/\/web.facebook.com\/zeytinburnubld\/\" \/>\n<meta property=\"article:modified_time\" content=\"2024-05-10T20:14:52+00:00\" \/>\n<meta property=\"og:image\" content=\"https:\/\/zeytinburnu.istanbul\/wp-content\/uploads\/2024\/04\/suleyman_dag-1.jpg\" \/>\n\t<meta property=\"og:image:width\" content=\"228\" \/>\n\t<meta property=\"og:image:height\" content=\"288\" \/>\n\t<meta property=\"og:image:type\" content=\"image\/jpeg\" \/>\n<meta name=\"twitter:card\" content=\"summary_large_image\" \/>\n<meta name=\"twitter:site\" content=\"@zeytinburnubld\" \/>\n<meta name=\"twitter:label1\" content=\"Tahmini okuma s\u00fcresi\" \/>\n\t<meta name=\"twitter:data1\" content=\"1 dakika\" \/>\n<script type=\"application\/ld+json\" class=\"yoast-schema-graph\">{\"@context\":\"https:\/\/schema.org\",\"@graph\":[{\"@type\":\"WebPage\",\"@id\":\"https:\/\/zeytinburnu.istanbul\/personel\/suleyman-dag\/\",\"url\":\"https:\/\/zeytinburnu.istanbul\/personel\/suleyman-dag\/\",\"name\":\"S\u00fcleyman DA\u011e - Zeytinburnu Belediyesi\",\"isPartOf\":{\"@id\":\"https:\/\/zeytinburnu.istanbul\/#website\"},\"datePublished\":\"2024-05-10T06:17:03+00:00\",\"dateModified\":\"2024-05-10T20:14:52+00:00\",\"breadcrumb\":{\"@id\":\"https:\/\/zeytinburnu.istanbul\/personel\/suleyman-dag\/#breadcrumb\"},\"inLanguage\":\"tr\",\"potentialAction\":[{\"@type\":\"ReadAction\",\"target\":[\"https:\/\/zeytinburnu.istanbul\/personel\/suleyman-dag\/\"]}]},{\"@type\":\"BreadcrumbList\",\"@id\":\"https:\/\/zeytinburnu.istanbul\/personel\/suleyman-dag\/#breadcrumb\",\"itemListElement\":[{\"@type\":\"ListItem\",\"position\":1,\"name\":\"Anasayfa\",\"item\":\"https:\/\/zeytinburnu.istanbul\/\"},{\"@type\":\"ListItem\",\"position\":2,\"name\":\"S\u00fcleyman DA\u011e\"}]},{\"@type\":\"WebSite\",\"@id\":\"https:\/\/zeytinburnu.istanbul\/#website\",\"url\":\"https:\/\/zeytinburnu.istanbul\/\",\"name\":\"Zeytinburnu Belediyesi\",\"description\":\"\",\"potentialAction\":[{\"@type\":\"SearchAction\",\"target\":{\"@type\":\"EntryPoint\",\"urlTemplate\":\"https:\/\/zeytinburnu.istanbul\/?s={search_term_string}\"},\"query-input\":\"required name=search_term_string\"}],\"inLanguage\":\"tr\"}]}<\/script>\n<!-- \/ Yoast SEO plugin. -->","yoast_head_json":{"title":"S\u00fcleyman DA\u011e - Zeytinburnu Belediyesi","robots":{"index":"index","follow":"follow","max-snippet":"max-snippet:-1","max-image-preview":"max-image-preview:large","max-video-preview":"max-video-preview:-1"},"canonical":"https:\/\/zeytinburnu.istanbul\/personel\/suleyman-dag\/","og_locale":"tr_TR","og_type":"article","og_title":"S\u00fcleyman DA\u011e - Zeytinburnu Belediyesi","og_description":"1983 y\u0131l\u0131nda Midyat&#8217;ta do\u011fdu. 1991 y\u0131l\u0131ndan itibaren Zeytinburnu&#8217;nda ikamet etmektedir. Anadolu \u00dcniversitesi \u0130ktisat Fak\u00fcltesi Siyaset Bilimi ve Kamu Y\u00f6netimi b\u00f6l\u00fcm\u00fc mezunudur. 2019-2023 y\u0131llar\u0131 aras\u0131nda CHP Zeytinburnu il\u00e7e ba\u015fkan yard\u0131mc\u0131l\u0131\u011f\u0131 g\u00f6revini \u00fcstlenmi\u015ftir. Mardin Dernekleri Federasyonu (MARD\u0130NFED) ba\u015fkan yard\u0131mc\u0131l\u0131\u011f\u0131, \u0130stanbul Zeytinburnu Dernekler Federasyonu (\u0130ZEDEF) kurucu ba\u015fkan yard\u0131mc\u0131l\u0131\u011f\u0131, Telsiz Mahallesi K\u00fclt\u00fcr ve Dayan\u0131\u015fma Derne\u011fi&#8217;nde ba\u015fkanl\u0131k; Mardin Midyat Alt\u0131nta\u015f [&hellip;]","og_url":"https:\/\/zeytinburnu.istanbul\/personel\/suleyman-dag\/","og_site_name":"Zeytinburnu Belediyesi","article_publisher":"https:\/\/web.facebook.com\/zeytinburnubld\/","article_modified_time":"2024-05-10T20:14:52+00:00","og_image":[{"width":228,"height":288,"url":"https:\/\/zeytinburnu.istanbul\/wp-content\/uploads\/2024\/04\/suleyman_dag-1.jpg","type":"image\/jpeg"}],"twitter_card":"summary_large_image","twitter_site":"@zeytinburnubld","twitter_misc":{"Tahmini okuma s\u00fcresi":"1 dakika"},"schema":{"@context":"https:\/\/schema.org","@graph":[{"@type":"WebPage","@id":"https:\/\/zeytinburnu.istanbul\/personel\/suleyman-dag\/","url":"https:\/\/zeytinburnu.istanbul\/personel\/suleyman-dag\/","name":"S\u00fcleyman DA\u011e - Zeytinburnu Belediyesi","isPartOf":{"@id":"https:\/\/zeytinburnu.istanbul\/#website"},"datePublished":"2024-05-10T06:17:03+00:00","dateModified":"2024-05-10T20:14:52+00:00","breadcrumb":{"@id":"https:\/\/zeytinburnu.istanbul\/personel\/suleyman-dag\/#breadcrumb"},"inLanguage":"tr","potentialAction":[{"@type":"ReadAction","target":["https:\/\/zeytinburnu.istanbul\/personel\/suleyman-dag\/"]}]},{"@type":"BreadcrumbList","@id":"https:\/\/zeytinburnu.istanbul\/personel\/suleyman-dag\/#breadcrumb","itemListElement":[{"@type":"ListItem","position":1,"name":"Anasayfa","item":"https:\/\/zeytinburnu.istanbul\/"},{"@type":"ListItem","position":2,"name":"S\u00fcleyman DA\u011e"}]},{"@type":"WebSite","@id":"https:\/\/zeytinburnu.istanbul\/#website","url":"https:\/\/zeytinburnu.istanbul\/","name":"Zeytinburnu Belediyesi","description":"","potentialAction":[{"@type":"SearchAction","target":{"@type":"EntryPoint","urlTemplate":"https:\/\/zeytinburnu.istanbul\/?s={search_term_string}"},"query-input":"required name=search_term_string"}],"inLanguage":"tr"}]}},"meta_data":{"sidebar_tipi":"varsayilan","detay_tipi":false,"uyesi_oldugu_siyasi_parti":"CHP","unvan":"","image_details":{"thumbnail":{"url":"https:\/\/zeytinburnu.istanbul\/wp-content\/uploads\/2024\/04\/suleyman_dag-1.jpg"},"full":{"file":"2024\/04\/suleyman_dag-1.jpg","width":228,"height":288,"mime_type":"image\/jpeg","url":"https:\/\/zeytinburnu.istanbul\/wp-content\/uploads\/2024\/04\/suleyman_dag-1.jpg"}}},"_links":{"self":[{"href":"https:\/\/zeytinburnu.istanbul\/api\/wp\/v2\/personel\/63160"}],"collection":[{"href":"https:\/\/zeytinburnu.istanbul\/api\/wp\/v2\/personel"}],"about":[{"href":"https:\/\/zeytinburnu.istanbul\/api\/wp\/v2\/types\/personel"}],"wp:featuredmedia":[{"embeddable":true,"href":"https:\/\/zeytinburnu.istanbul\/api\/wp\/v2\/media\/63575"}],"wp:attachment":[{"href":"https:\/\/zeytinburnu.istanbul\/api\/wp\/v2\/media?parent=63160"}],"wp:term":[{"taxonomy":"gorevlendirme","embeddable":true,"href":"https:\/\/zeytinburnu.istanbul\/api\/wp\/v2\/gorevlendirme?post=63160"}],"curies":[{"name":"wp","href":"https:\/\/api.w.org\/{rel}","templated":true}]}}

Süleyman DAĞ

<p>1983 yılında Midyat&#8217;ta doğdu. 1991 yılından itibaren Zeytinburnu&#8217;nda ikamet etmektedir. Anadolu Üniversitesi İktisat Fakültesi Siyaset Bilimi ve Kamu Yönetimi bölümü mezunudur. 2019-2023 yılları arasında CHP Zeytinburnu ilçe başkan yardımcılığı görevini üstlenmiştir. Mardin Dernekleri Federasyonu (MARDİNFED) başkan yardımcılığı, İstanbul Zeytinburnu Dernekler Federasyonu (İZEDEF) kurucu başkan yardımcılığı, Telsiz Mahallesi Kültür ve Dayanışma Derneği&#8217;nde başkanlık; Mardin Midyat Altıntaş (KEFERZEDER) Köyü Derneğinde başkan vekilliği yapmaktadır. Gayrimenkul ve turizm işleriyle iştigal etmektedir. Evli ve iki çocuk babasıdır.</p>

<!-- This site is optimized with the Yoast SEO plugin v21.5 - https://yoast.com/wordpress/plugins/seo/ -->
<title>Süleyman DAĞ - Zeytinburnu Belediyesi</title>
<meta name="robots" content="index, follow, max-snippet:-1, max-image-preview:large, max-video-preview:-1" />
<link rel="canonical" href="https://zeytinburnu.istanbul/personel/suleyman-dag/" />
<meta property="og:locale" content="tr_TR" />
<meta property="og:type" content="article" />
<meta property="og:title" content="Süleyman DAĞ - Zeytinburnu Belediyesi" />
<meta property="og:description" content="1983 yılında Midyat&#8217;ta doğdu. 1991 yılından itibaren Zeytinburnu&#8217;nda ikamet etmektedir. Anadolu Üniversitesi İktisat Fakültesi Siyaset Bilimi ve Kamu Yönetimi bölümü mezunudur. 2019-2023 yılları arasında CHP Zeytinburnu ilçe başkan yardımcılığı görevini üstlenmiştir. Mardin Dernekleri Federasyonu (MARDİNFED) başkan yardımcılığı, İstanbul Zeytinburnu Dernekler Federasyonu (İZEDEF) kurucu başkan yardımcılığı, Telsiz Mahallesi Kültür ve Dayanışma Derneği&#8217;nde başkanlık; Mardin Midyat Altıntaş [&hellip;]" />
<meta property="og:url" content="https://zeytinburnu.istanbul/personel/suleyman-dag/" />
<meta property="og:site_name" content="Zeytinburnu Belediyesi" />
<meta property="article:publisher" content="https://web.facebook.com/zeytinburnubld/" />
<meta property="article:modified_time" content="2024-05-10T20:14:52+00:00" />
<meta property="og:image" content="https://zeytinburnu.istanbul/wp-content/uploads/2024/04/suleyman_dag-1.jpg" />
	<meta property="og:image:width" content="228" />
	<meta property="og:image:height" content="288" />
	<meta property="og:image:type" content="image/jpeg" />
<meta name="twitter:card" content="summary_large_image" />
<meta name="twitter:site" content="@zeytinburnubld" />
<meta name="twitter:label1" content="Tahmini okuma süresi" />
	<meta name="twitter:data1" content="1 dakika" />
<script type="application/ld+json" class="yoast-schema-graph">{"@context":"https://schema.org","@graph":[{"@type":"WebPage","@id":"https://zeytinburnu.istanbul/personel/suleyman-dag/","url":"https://zeytinburnu.istanbul/personel/suleyman-dag/","name":"Süleyman DAĞ - Zeytinburnu Belediyesi","isPartOf":{"@id":"https://zeytinburnu.istanbul/#website"},"datePublished":"2024-05-10T06:17:03+00:00","dateModified":"2024-05-10T20:14:52+00:00","breadcrumb":{"@id":"https://zeytinburnu.istanbul/personel/suleyman-dag/#breadcrumb"},"inLanguage":"tr","potentialAction":[{"@type":"ReadAction","target":["https://zeytinburnu.istanbul/personel/suleyman-dag/"]}]},{"@type":"BreadcrumbList","@id":"https://zeytinburnu.istanbul/personel/suleyman-dag/#breadcrumb","itemListElement":[{"@type":"ListItem","position":1,"name":"Anasayfa","item":"https://zeytinburnu.istanbul/"},{"@type":"ListItem","position":2,"name":"Süleyman DAĞ"}]},{"@type":"WebSite","@id":"https://zeytinburnu.istanbul/#website","url":"https://zeytinburnu.istanbul/","name":"Zeytinburnu Belediyesi","description":"","potentialAction":[{"@type":"SearchAction","target":{"@type":"EntryPoint","urlTemplate":"https://zeytinburnu.istanbul/?s={search_term_string}"},"query-input":"required name=search_term_string"}],"inLanguage":"tr"}]}</script>
<!-- / Yoast SEO plugin. -->

Süleyman DAĞ - Zeytinburnu Belediyesi

1983 yılında Midyat&#8217;ta doğdu. 1991 yılından itibaren Zeytinburnu&#8217;nda ikamet etmektedir. Anadolu Üniversitesi İktisat Fakültesi Siyaset Bilimi ve Kamu Yönetimi bölümü mezunudur. 2019-2023 yılları arasında CHP Zeytinburnu ilçe başkan yardımcılığı görevini üstlenmiştir. Mardin Dernekleri Federasyonu (MARDİNFED) başkan yardımcılığı, İstanbul Zeytinburnu Dernekler Federasyonu (İZEDEF) kurucu başkan yardımcılığı, Telsiz Mahallesi Kültür ve Dayanışma Derneği&#8217;nde başkanlık; Mardin Midyat Altıntaş [&hellip;]
