

{"id":63158,"date":"2024-05-10T09:35:31","date_gmt":"2024-05-10T06:35:31","guid":{"rendered":"https:\/\/zeytinburnu.istanbul\/?post_type=personel&#038;p=63158"},"modified":"2024-05-10T23:16:26","modified_gmt":"2024-05-10T20:16:26","slug":"abdulcebar-baris","status":"publish","type":"personel","link":"https:\/\/zeytinburnu.istanbul\/personel\/abdulcebar-baris\/","title":{"rendered":"Abdulcebar BARI\u015e"},"content":{"rendered":"<p>1968 y\u0131l\u0131nda Siirt&#8217;in \u015eirvan il\u00e7esinde do\u011fdu. Farkl\u0131 sivil toplum kurulu\u015flar\u0131nda g\u00f6rev ald\u0131. Tekstil sekt\u00f6r\u00fcnde faaliyet g\u00f6stermektedir. K\u00fcrt\u00e7e, orta derecede Arap\u00e7a, Rus\u00e7a, daha az seviyede \u0130ngilizce bilmektedir. 1989 y\u0131l\u0131ndan beri \u0130stanbul&#8217;da ikamet etmektedir. Evli ve d\u00f6rt \u00e7ocuk babas\u0131d\u0131r.<\/p>\n","protected":false},"featured_media":63641,"template":"","gorevlendirme":[25],"acf":[],"yoast_head":"<!-- This site is optimized with the Yoast SEO plugin v21.5 - https:\/\/yoast.com\/wordpress\/plugins\/seo\/ -->\n<title>Abdulcebar BARI\u015e - Zeytinburnu Belediyesi<\/title>\n<meta name=\"robots\" content=\"index, follow, max-snippet:-1, max-image-preview:large, max-video-preview:-1\" \/>\n<link rel=\"canonical\" href=\"https:\/\/zeytinburnu.istanbul\/personel\/abdulcebar-baris\/\" \/>\n<meta property=\"og:locale\" content=\"tr_TR\" \/>\n<meta property=\"og:type\" content=\"article\" \/>\n<meta property=\"og:title\" content=\"Abdulcebar BARI\u015e - Zeytinburnu Belediyesi\" \/>\n<meta property=\"og:description\" content=\"1968 y\u0131l\u0131nda Siirt&#8217;in \u015eirvan il\u00e7esinde do\u011fdu. Farkl\u0131 sivil toplum kurulu\u015flar\u0131nda g\u00f6rev ald\u0131. Tekstil sekt\u00f6r\u00fcnde faaliyet g\u00f6stermektedir. K\u00fcrt\u00e7e, orta derecede Arap\u00e7a, Rus\u00e7a, daha az seviyede \u0130ngilizce bilmektedir. 1989 y\u0131l\u0131ndan beri \u0130stanbul&#8217;da ikamet etmektedir. Evli ve d\u00f6rt \u00e7ocuk babas\u0131d\u0131r.\" \/>\n<meta property=\"og:url\" content=\"https:\/\/zeytinburnu.istanbul\/personel\/abdulcebar-baris\/\" \/>\n<meta property=\"og:site_name\" content=\"Zeytinburnu Belediyesi\" \/>\n<meta property=\"article:publisher\" content=\"https:\/\/web.facebook.com\/zeytinburnubld\/\" \/>\n<meta property=\"article:modified_time\" content=\"2024-05-10T20:16:26+00:00\" \/>\n<meta property=\"og:image\" content=\"https:\/\/zeytinburnu.istanbul\/wp-content\/uploads\/2024\/05\/abdulcebar_baris.jpg\" \/>\n\t<meta property=\"og:image:width\" content=\"210\" \/>\n\t<meta property=\"og:image:height\" content=\"208\" \/>\n\t<meta property=\"og:image:type\" content=\"image\/jpeg\" \/>\n<meta name=\"twitter:card\" content=\"summary_large_image\" \/>\n<meta name=\"twitter:site\" content=\"@zeytinburnubld\" \/>\n<meta name=\"twitter:label1\" content=\"Tahmini okuma s\u00fcresi\" \/>\n\t<meta name=\"twitter:data1\" content=\"1 dakika\" \/>\n<script type=\"application\/ld+json\" class=\"yoast-schema-graph\">{\"@context\":\"https:\/\/schema.org\",\"@graph\":[{\"@type\":\"WebPage\",\"@id\":\"https:\/\/zeytinburnu.istanbul\/personel\/abdulcebar-baris\/\",\"url\":\"https:\/\/zeytinburnu.istanbul\/personel\/abdulcebar-baris\/\",\"name\":\"Abdulcebar BARI\u015e - Zeytinburnu Belediyesi\",\"isPartOf\":{\"@id\":\"https:\/\/zeytinburnu.istanbul\/#website\"},\"datePublished\":\"2024-05-10T06:35:31+00:00\",\"dateModified\":\"2024-05-10T20:16:26+00:00\",\"breadcrumb\":{\"@id\":\"https:\/\/zeytinburnu.istanbul\/personel\/abdulcebar-baris\/#breadcrumb\"},\"inLanguage\":\"tr\",\"potentialAction\":[{\"@type\":\"ReadAction\",\"target\":[\"https:\/\/zeytinburnu.istanbul\/personel\/abdulcebar-baris\/\"]}]},{\"@type\":\"BreadcrumbList\",\"@id\":\"https:\/\/zeytinburnu.istanbul\/personel\/abdulcebar-baris\/#breadcrumb\",\"itemListElement\":[{\"@type\":\"ListItem\",\"position\":1,\"name\":\"Anasayfa\",\"item\":\"https:\/\/zeytinburnu.istanbul\/\"},{\"@type\":\"ListItem\",\"position\":2,\"name\":\"Abdulcebar BARI\u015e\"}]},{\"@type\":\"WebSite\",\"@id\":\"https:\/\/zeytinburnu.istanbul\/#website\",\"url\":\"https:\/\/zeytinburnu.istanbul\/\",\"name\":\"Zeytinburnu Belediyesi\",\"description\":\"\",\"potentialAction\":[{\"@type\":\"SearchAction\",\"target\":{\"@type\":\"EntryPoint\",\"urlTemplate\":\"https:\/\/zeytinburnu.istanbul\/?s={search_term_string}\"},\"query-input\":\"required name=search_term_string\"}],\"inLanguage\":\"tr\"}]}<\/script>\n<!-- \/ Yoast SEO plugin. -->","yoast_head_json":{"title":"Abdulcebar BARI\u015e - Zeytinburnu Belediyesi","robots":{"index":"index","follow":"follow","max-snippet":"max-snippet:-1","max-image-preview":"max-image-preview:large","max-video-preview":"max-video-preview:-1"},"canonical":"https:\/\/zeytinburnu.istanbul\/personel\/abdulcebar-baris\/","og_locale":"tr_TR","og_type":"article","og_title":"Abdulcebar BARI\u015e - Zeytinburnu Belediyesi","og_description":"1968 y\u0131l\u0131nda Siirt&#8217;in \u015eirvan il\u00e7esinde do\u011fdu. Farkl\u0131 sivil toplum kurulu\u015flar\u0131nda g\u00f6rev ald\u0131. Tekstil sekt\u00f6r\u00fcnde faaliyet g\u00f6stermektedir. K\u00fcrt\u00e7e, orta derecede Arap\u00e7a, Rus\u00e7a, daha az seviyede \u0130ngilizce bilmektedir. 1989 y\u0131l\u0131ndan beri \u0130stanbul&#8217;da ikamet etmektedir. Evli ve d\u00f6rt \u00e7ocuk babas\u0131d\u0131r.","og_url":"https:\/\/zeytinburnu.istanbul\/personel\/abdulcebar-baris\/","og_site_name":"Zeytinburnu Belediyesi","article_publisher":"https:\/\/web.facebook.com\/zeytinburnubld\/","article_modified_time":"2024-05-10T20:16:26+00:00","og_image":[{"width":210,"height":208,"url":"https:\/\/zeytinburnu.istanbul\/wp-content\/uploads\/2024\/05\/abdulcebar_baris.jpg","type":"image\/jpeg"}],"twitter_card":"summary_large_image","twitter_site":"@zeytinburnubld","twitter_misc":{"Tahmini okuma s\u00fcresi":"1 dakika"},"schema":{"@context":"https:\/\/schema.org","@graph":[{"@type":"WebPage","@id":"https:\/\/zeytinburnu.istanbul\/personel\/abdulcebar-baris\/","url":"https:\/\/zeytinburnu.istanbul\/personel\/abdulcebar-baris\/","name":"Abdulcebar BARI\u015e - Zeytinburnu Belediyesi","isPartOf":{"@id":"https:\/\/zeytinburnu.istanbul\/#website"},"datePublished":"2024-05-10T06:35:31+00:00","dateModified":"2024-05-10T20:16:26+00:00","breadcrumb":{"@id":"https:\/\/zeytinburnu.istanbul\/personel\/abdulcebar-baris\/#breadcrumb"},"inLanguage":"tr","potentialAction":[{"@type":"ReadAction","target":["https:\/\/zeytinburnu.istanbul\/personel\/abdulcebar-baris\/"]}]},{"@type":"BreadcrumbList","@id":"https:\/\/zeytinburnu.istanbul\/personel\/abdulcebar-baris\/#breadcrumb","itemListElement":[{"@type":"ListItem","position":1,"name":"Anasayfa","item":"https:\/\/zeytinburnu.istanbul\/"},{"@type":"ListItem","position":2,"name":"Abdulcebar BARI\u015e"}]},{"@type":"WebSite","@id":"https:\/\/zeytinburnu.istanbul\/#website","url":"https:\/\/zeytinburnu.istanbul\/","name":"Zeytinburnu Belediyesi","description":"","potentialAction":[{"@type":"SearchAction","target":{"@type":"EntryPoint","urlTemplate":"https:\/\/zeytinburnu.istanbul\/?s={search_term_string}"},"query-input":"required name=search_term_string"}],"inLanguage":"tr"}]}},"meta_data":{"sidebar_tipi":"varsayilan","detay_tipi":false,"uyesi_oldugu_siyasi_parti":"CHP","unvan":"","image_details":{"thumbnail":{"url":"https:\/\/zeytinburnu.istanbul\/wp-content\/uploads\/2024\/05\/abdulcebar_baris.jpg"},"full":{"file":"2024\/05\/abdulcebar_baris.jpg","width":210,"height":208,"mime_type":"image\/jpeg","url":"https:\/\/zeytinburnu.istanbul\/wp-content\/uploads\/2024\/05\/abdulcebar_baris.jpg"}}},"_links":{"self":[{"href":"https:\/\/zeytinburnu.istanbul\/api\/wp\/v2\/personel\/63158"}],"collection":[{"href":"https:\/\/zeytinburnu.istanbul\/api\/wp\/v2\/personel"}],"about":[{"href":"https:\/\/zeytinburnu.istanbul\/api\/wp\/v2\/types\/personel"}],"wp:featuredmedia":[{"embeddable":true,"href":"https:\/\/zeytinburnu.istanbul\/api\/wp\/v2\/media\/63641"}],"wp:attachment":[{"href":"https:\/\/zeytinburnu.istanbul\/api\/wp\/v2\/media?parent=63158"}],"wp:term":[{"taxonomy":"gorevlendirme","embeddable":true,"href":"https:\/\/zeytinburnu.istanbul\/api\/wp\/v2\/gorevlendirme?post=63158"}],"curies":[{"name":"wp","href":"https:\/\/api.w.org\/{rel}","templated":true}]}}

Abdulcebar BARIŞ

<p>1968 yılında Siirt&#8217;in Şirvan ilçesinde doğdu. Farklı sivil toplum kuruluşlarında görev aldı. Tekstil sektöründe faaliyet göstermektedir. Kürtçe, orta derecede Arapça, Rusça, daha az seviyede İngilizce bilmektedir. 1989 yılından beri İstanbul&#8217;da ikamet etmektedir. Evli ve dört çocuk babasıdır.</p>

<!-- This site is optimized with the Yoast SEO plugin v21.5 - https://yoast.com/wordpress/plugins/seo/ -->
<title>Abdulcebar BARIŞ - Zeytinburnu Belediyesi</title>
<meta name="robots" content="index, follow, max-snippet:-1, max-image-preview:large, max-video-preview:-1" />
<link rel="canonical" href="https://zeytinburnu.istanbul/personel/abdulcebar-baris/" />
<meta property="og:locale" content="tr_TR" />
<meta property="og:type" content="article" />
<meta property="og:title" content="Abdulcebar BARIŞ - Zeytinburnu Belediyesi" />
<meta property="og:description" content="1968 yılında Siirt&#8217;in Şirvan ilçesinde doğdu. Farklı sivil toplum kuruluşlarında görev aldı. Tekstil sektöründe faaliyet göstermektedir. Kürtçe, orta derecede Arapça, Rusça, daha az seviyede İngilizce bilmektedir. 1989 yılından beri İstanbul&#8217;da ikamet etmektedir. Evli ve dört çocuk babasıdır." />
<meta property="og:url" content="https://zeytinburnu.istanbul/personel/abdulcebar-baris/" />
<meta property="og:site_name" content="Zeytinburnu Belediyesi" />
<meta property="article:publisher" content="https://web.facebook.com/zeytinburnubld/" />
<meta property="article:modified_time" content="2024-05-10T20:16:26+00:00" />
<meta property="og:image" content="https://zeytinburnu.istanbul/wp-content/uploads/2024/05/abdulcebar_baris.jpg" />
	<meta property="og:image:width" content="210" />
	<meta property="og:image:height" content="208" />
	<meta property="og:image:type" content="image/jpeg" />
<meta name="twitter:card" content="summary_large_image" />
<meta name="twitter:site" content="@zeytinburnubld" />
<meta name="twitter:label1" content="Tahmini okuma süresi" />
	<meta name="twitter:data1" content="1 dakika" />
<script type="application/ld+json" class="yoast-schema-graph">{"@context":"https://schema.org","@graph":[{"@type":"WebPage","@id":"https://zeytinburnu.istanbul/personel/abdulcebar-baris/","url":"https://zeytinburnu.istanbul/personel/abdulcebar-baris/","name":"Abdulcebar BARIŞ - Zeytinburnu Belediyesi","isPartOf":{"@id":"https://zeytinburnu.istanbul/#website"},"datePublished":"2024-05-10T06:35:31+00:00","dateModified":"2024-05-10T20:16:26+00:00","breadcrumb":{"@id":"https://zeytinburnu.istanbul/personel/abdulcebar-baris/#breadcrumb"},"inLanguage":"tr","potentialAction":[{"@type":"ReadAction","target":["https://zeytinburnu.istanbul/personel/abdulcebar-baris/"]}]},{"@type":"BreadcrumbList","@id":"https://zeytinburnu.istanbul/personel/abdulcebar-baris/#breadcrumb","itemListElement":[{"@type":"ListItem","position":1,"name":"Anasayfa","item":"https://zeytinburnu.istanbul/"},{"@type":"ListItem","position":2,"name":"Abdulcebar BARIŞ"}]},{"@type":"WebSite","@id":"https://zeytinburnu.istanbul/#website","url":"https://zeytinburnu.istanbul/","name":"Zeytinburnu Belediyesi","description":"","potentialAction":[{"@type":"SearchAction","target":{"@type":"EntryPoint","urlTemplate":"https://zeytinburnu.istanbul/?s={search_term_string}"},"query-input":"required name=search_term_string"}],"inLanguage":"tr"}]}</script>
<!-- / Yoast SEO plugin. -->

Abdulcebar BARIŞ - Zeytinburnu Belediyesi

1968 yılında Siirt&#8217;in Şirvan ilçesinde doğdu. Farklı sivil toplum kuruluşlarında görev aldı. Tekstil sektöründe faaliyet göstermektedir. Kürtçe, orta derecede Arapça, Rusça, daha az seviyede İngilizce bilmektedir. 1989 yılından beri İstanbul&#8217;da ikamet etmektedir. Evli ve dört çocuk babasıdır.
