

{"id":63153,"date":"2024-05-10T11:05:57","date_gmt":"2024-05-10T08:05:57","guid":{"rendered":"https:\/\/zeytinburnu.istanbul\/?post_type=personel&#038;p=63153"},"modified":"2024-05-10T23:17:22","modified_gmt":"2024-05-10T20:17:22","slug":"suna-duzenli","status":"publish","type":"personel","link":"https:\/\/zeytinburnu.istanbul\/personel\/suna-duzenli\/","title":{"rendered":"Suna D\u00dcZENL\u0130"},"content":{"rendered":"<p>1960&#8217;da Konya\u2019da do\u011fdu. Aslen Do\u011fu T\u00fcrkistan g\u00f6\u00e7meni bir aileye mensuptur. 1970 y\u0131l\u0131ndan bu yana Zeytinburnu&#8217;nda ikamet etmektedir. Siyasi hayat\u0131na 1974 y\u0131l\u0131nda Zeytinburnu \u00dclk\u00fc Ocaklar\u0131nda ba\u015flam\u0131\u015ft\u0131r. Milliyet\u00e7i Hareket Partisi i\u00e7erisinde \u00e7e\u015fitli d\u00fczeylerde sorumluluklar \u00fcstlendi. 2014-2024 y\u0131llar\u0131\u00a0 aras\u0131nda MHP Zeytinburnu Kad\u0131n Kollar\u0131 Ba\u015fkanl\u0131\u011f\u0131, \u00a0Kazak T\u00fcrkleri Vakf\u0131 Kad\u0131n Kollar\u0131 Ba\u015fkanl\u0131\u011f\u0131 g\u00f6revlerinde bulundu.<\/p>\n","protected":false},"featured_media":63187,"template":"","gorevlendirme":[25],"acf":[],"yoast_head":"<!-- This site is optimized with the Yoast SEO plugin v21.5 - https:\/\/yoast.com\/wordpress\/plugins\/seo\/ -->\n<title>Suna D\u00dcZENL\u0130 - Zeytinburnu Belediyesi<\/title>\n<meta name=\"robots\" content=\"index, follow, max-snippet:-1, max-image-preview:large, max-video-preview:-1\" \/>\n<link rel=\"canonical\" href=\"https:\/\/zeytinburnu.istanbul\/personel\/suna-duzenli\/\" \/>\n<meta property=\"og:locale\" content=\"tr_TR\" \/>\n<meta property=\"og:type\" content=\"article\" \/>\n<meta property=\"og:title\" content=\"Suna D\u00dcZENL\u0130 - Zeytinburnu Belediyesi\" \/>\n<meta property=\"og:description\" content=\"1960&#8217;da Konya\u2019da do\u011fdu. Aslen Do\u011fu T\u00fcrkistan g\u00f6\u00e7meni bir aileye mensuptur. 1970 y\u0131l\u0131ndan bu yana Zeytinburnu&#8217;nda ikamet etmektedir. Siyasi hayat\u0131na 1974 y\u0131l\u0131nda Zeytinburnu \u00dclk\u00fc Ocaklar\u0131nda ba\u015flam\u0131\u015ft\u0131r. Milliyet\u00e7i Hareket Partisi i\u00e7erisinde \u00e7e\u015fitli d\u00fczeylerde sorumluluklar \u00fcstlendi. 2014-2024 y\u0131llar\u0131\u00a0 aras\u0131nda MHP Zeytinburnu Kad\u0131n Kollar\u0131 Ba\u015fkanl\u0131\u011f\u0131, \u00a0Kazak T\u00fcrkleri Vakf\u0131 Kad\u0131n Kollar\u0131 Ba\u015fkanl\u0131\u011f\u0131 g\u00f6revlerinde bulundu.\" \/>\n<meta property=\"og:url\" content=\"https:\/\/zeytinburnu.istanbul\/personel\/suna-duzenli\/\" \/>\n<meta property=\"og:site_name\" content=\"Zeytinburnu Belediyesi\" \/>\n<meta property=\"article:publisher\" content=\"https:\/\/web.facebook.com\/zeytinburnubld\/\" \/>\n<meta property=\"article:modified_time\" content=\"2024-05-10T20:17:22+00:00\" \/>\n<meta property=\"og:image\" content=\"https:\/\/zeytinburnu.istanbul\/wp-content\/uploads\/2024\/04\/suna_duzenli.jpg\" \/>\n\t<meta property=\"og:image:width\" content=\"210\" \/>\n\t<meta property=\"og:image:height\" content=\"208\" \/>\n\t<meta property=\"og:image:type\" content=\"image\/jpeg\" \/>\n<meta name=\"twitter:card\" content=\"summary_large_image\" \/>\n<meta name=\"twitter:site\" content=\"@zeytinburnubld\" \/>\n<meta name=\"twitter:label1\" content=\"Tahmini okuma s\u00fcresi\" \/>\n\t<meta name=\"twitter:data1\" content=\"1 dakika\" \/>\n<script type=\"application\/ld+json\" class=\"yoast-schema-graph\">{\"@context\":\"https:\/\/schema.org\",\"@graph\":[{\"@type\":\"WebPage\",\"@id\":\"https:\/\/zeytinburnu.istanbul\/personel\/suna-duzenli\/\",\"url\":\"https:\/\/zeytinburnu.istanbul\/personel\/suna-duzenli\/\",\"name\":\"Suna D\u00dcZENL\u0130 - Zeytinburnu Belediyesi\",\"isPartOf\":{\"@id\":\"https:\/\/zeytinburnu.istanbul\/#website\"},\"datePublished\":\"2024-05-10T08:05:57+00:00\",\"dateModified\":\"2024-05-10T20:17:22+00:00\",\"breadcrumb\":{\"@id\":\"https:\/\/zeytinburnu.istanbul\/personel\/suna-duzenli\/#breadcrumb\"},\"inLanguage\":\"tr\",\"potentialAction\":[{\"@type\":\"ReadAction\",\"target\":[\"https:\/\/zeytinburnu.istanbul\/personel\/suna-duzenli\/\"]}]},{\"@type\":\"BreadcrumbList\",\"@id\":\"https:\/\/zeytinburnu.istanbul\/personel\/suna-duzenli\/#breadcrumb\",\"itemListElement\":[{\"@type\":\"ListItem\",\"position\":1,\"name\":\"Anasayfa\",\"item\":\"https:\/\/zeytinburnu.istanbul\/\"},{\"@type\":\"ListItem\",\"position\":2,\"name\":\"Suna D\u00dcZENL\u0130\"}]},{\"@type\":\"WebSite\",\"@id\":\"https:\/\/zeytinburnu.istanbul\/#website\",\"url\":\"https:\/\/zeytinburnu.istanbul\/\",\"name\":\"Zeytinburnu Belediyesi\",\"description\":\"\",\"potentialAction\":[{\"@type\":\"SearchAction\",\"target\":{\"@type\":\"EntryPoint\",\"urlTemplate\":\"https:\/\/zeytinburnu.istanbul\/?s={search_term_string}\"},\"query-input\":\"required name=search_term_string\"}],\"inLanguage\":\"tr\"}]}<\/script>\n<!-- \/ Yoast SEO plugin. -->","yoast_head_json":{"title":"Suna D\u00dcZENL\u0130 - Zeytinburnu Belediyesi","robots":{"index":"index","follow":"follow","max-snippet":"max-snippet:-1","max-image-preview":"max-image-preview:large","max-video-preview":"max-video-preview:-1"},"canonical":"https:\/\/zeytinburnu.istanbul\/personel\/suna-duzenli\/","og_locale":"tr_TR","og_type":"article","og_title":"Suna D\u00dcZENL\u0130 - Zeytinburnu Belediyesi","og_description":"1960&#8217;da Konya\u2019da do\u011fdu. Aslen Do\u011fu T\u00fcrkistan g\u00f6\u00e7meni bir aileye mensuptur. 1970 y\u0131l\u0131ndan bu yana Zeytinburnu&#8217;nda ikamet etmektedir. Siyasi hayat\u0131na 1974 y\u0131l\u0131nda Zeytinburnu \u00dclk\u00fc Ocaklar\u0131nda ba\u015flam\u0131\u015ft\u0131r. Milliyet\u00e7i Hareket Partisi i\u00e7erisinde \u00e7e\u015fitli d\u00fczeylerde sorumluluklar \u00fcstlendi. 2014-2024 y\u0131llar\u0131\u00a0 aras\u0131nda MHP Zeytinburnu Kad\u0131n Kollar\u0131 Ba\u015fkanl\u0131\u011f\u0131, \u00a0Kazak T\u00fcrkleri Vakf\u0131 Kad\u0131n Kollar\u0131 Ba\u015fkanl\u0131\u011f\u0131 g\u00f6revlerinde bulundu.","og_url":"https:\/\/zeytinburnu.istanbul\/personel\/suna-duzenli\/","og_site_name":"Zeytinburnu Belediyesi","article_publisher":"https:\/\/web.facebook.com\/zeytinburnubld\/","article_modified_time":"2024-05-10T20:17:22+00:00","og_image":[{"width":210,"height":208,"url":"https:\/\/zeytinburnu.istanbul\/wp-content\/uploads\/2024\/04\/suna_duzenli.jpg","type":"image\/jpeg"}],"twitter_card":"summary_large_image","twitter_site":"@zeytinburnubld","twitter_misc":{"Tahmini okuma s\u00fcresi":"1 dakika"},"schema":{"@context":"https:\/\/schema.org","@graph":[{"@type":"WebPage","@id":"https:\/\/zeytinburnu.istanbul\/personel\/suna-duzenli\/","url":"https:\/\/zeytinburnu.istanbul\/personel\/suna-duzenli\/","name":"Suna D\u00dcZENL\u0130 - Zeytinburnu Belediyesi","isPartOf":{"@id":"https:\/\/zeytinburnu.istanbul\/#website"},"datePublished":"2024-05-10T08:05:57+00:00","dateModified":"2024-05-10T20:17:22+00:00","breadcrumb":{"@id":"https:\/\/zeytinburnu.istanbul\/personel\/suna-duzenli\/#breadcrumb"},"inLanguage":"tr","potentialAction":[{"@type":"ReadAction","target":["https:\/\/zeytinburnu.istanbul\/personel\/suna-duzenli\/"]}]},{"@type":"BreadcrumbList","@id":"https:\/\/zeytinburnu.istanbul\/personel\/suna-duzenli\/#breadcrumb","itemListElement":[{"@type":"ListItem","position":1,"name":"Anasayfa","item":"https:\/\/zeytinburnu.istanbul\/"},{"@type":"ListItem","position":2,"name":"Suna D\u00dcZENL\u0130"}]},{"@type":"WebSite","@id":"https:\/\/zeytinburnu.istanbul\/#website","url":"https:\/\/zeytinburnu.istanbul\/","name":"Zeytinburnu Belediyesi","description":"","potentialAction":[{"@type":"SearchAction","target":{"@type":"EntryPoint","urlTemplate":"https:\/\/zeytinburnu.istanbul\/?s={search_term_string}"},"query-input":"required name=search_term_string"}],"inLanguage":"tr"}]}},"meta_data":{"sidebar_tipi":"varsayilan","detay_tipi":false,"uyesi_oldugu_siyasi_parti":"MHP","unvan":"","image_details":{"thumbnail":{"url":"https:\/\/zeytinburnu.istanbul\/wp-content\/uploads\/2024\/04\/suna_duzenli.jpg"},"full":{"file":"2024\/04\/suna_duzenli.jpg","width":210,"height":208,"mime_type":"image\/jpeg","url":"https:\/\/zeytinburnu.istanbul\/wp-content\/uploads\/2024\/04\/suna_duzenli.jpg"}}},"_links":{"self":[{"href":"https:\/\/zeytinburnu.istanbul\/api\/wp\/v2\/personel\/63153"}],"collection":[{"href":"https:\/\/zeytinburnu.istanbul\/api\/wp\/v2\/personel"}],"about":[{"href":"https:\/\/zeytinburnu.istanbul\/api\/wp\/v2\/types\/personel"}],"wp:featuredmedia":[{"embeddable":true,"href":"https:\/\/zeytinburnu.istanbul\/api\/wp\/v2\/media\/63187"}],"wp:attachment":[{"href":"https:\/\/zeytinburnu.istanbul\/api\/wp\/v2\/media?parent=63153"}],"wp:term":[{"taxonomy":"gorevlendirme","embeddable":true,"href":"https:\/\/zeytinburnu.istanbul\/api\/wp\/v2\/gorevlendirme?post=63153"}],"curies":[{"name":"wp","href":"https:\/\/api.w.org\/{rel}","templated":true}]}}

Suna DÜZENLİ

<p>1960&#8217;da Konya’da doğdu. Aslen Doğu Türkistan göçmeni bir aileye mensuptur. 1970 yılından bu yana Zeytinburnu&#8217;nda ikamet etmektedir. Siyasi hayatına 1974 yılında Zeytinburnu Ülkü Ocaklarında başlamıştır. Milliyetçi Hareket Partisi içerisinde çeşitli düzeylerde sorumluluklar üstlendi. 2014-2024 yılları  arasında MHP Zeytinburnu Kadın Kolları Başkanlığı,  Kazak Türkleri Vakfı Kadın Kolları Başkanlığı görevlerinde bulundu.</p>

<!-- This site is optimized with the Yoast SEO plugin v21.5 - https://yoast.com/wordpress/plugins/seo/ -->
<title>Suna DÜZENLİ - Zeytinburnu Belediyesi</title>
<meta name="robots" content="index, follow, max-snippet:-1, max-image-preview:large, max-video-preview:-1" />
<link rel="canonical" href="https://zeytinburnu.istanbul/personel/suna-duzenli/" />
<meta property="og:locale" content="tr_TR" />
<meta property="og:type" content="article" />
<meta property="og:title" content="Suna DÜZENLİ - Zeytinburnu Belediyesi" />
<meta property="og:description" content="1960&#8217;da Konya’da doğdu. Aslen Doğu Türkistan göçmeni bir aileye mensuptur. 1970 yılından bu yana Zeytinburnu&#8217;nda ikamet etmektedir. Siyasi hayatına 1974 yılında Zeytinburnu Ülkü Ocaklarında başlamıştır. Milliyetçi Hareket Partisi içerisinde çeşitli düzeylerde sorumluluklar üstlendi. 2014-2024 yılları  arasında MHP Zeytinburnu Kadın Kolları Başkanlığı,  Kazak Türkleri Vakfı Kadın Kolları Başkanlığı görevlerinde bulundu." />
<meta property="og:url" content="https://zeytinburnu.istanbul/personel/suna-duzenli/" />
<meta property="og:site_name" content="Zeytinburnu Belediyesi" />
<meta property="article:publisher" content="https://web.facebook.com/zeytinburnubld/" />
<meta property="article:modified_time" content="2024-05-10T20:17:22+00:00" />
<meta property="og:image" content="https://zeytinburnu.istanbul/wp-content/uploads/2024/04/suna_duzenli.jpg" />
	<meta property="og:image:width" content="210" />
	<meta property="og:image:height" content="208" />
	<meta property="og:image:type" content="image/jpeg" />
<meta name="twitter:card" content="summary_large_image" />
<meta name="twitter:site" content="@zeytinburnubld" />
<meta name="twitter:label1" content="Tahmini okuma süresi" />
	<meta name="twitter:data1" content="1 dakika" />
<script type="application/ld+json" class="yoast-schema-graph">{"@context":"https://schema.org","@graph":[{"@type":"WebPage","@id":"https://zeytinburnu.istanbul/personel/suna-duzenli/","url":"https://zeytinburnu.istanbul/personel/suna-duzenli/","name":"Suna DÜZENLİ - Zeytinburnu Belediyesi","isPartOf":{"@id":"https://zeytinburnu.istanbul/#website"},"datePublished":"2024-05-10T08:05:57+00:00","dateModified":"2024-05-10T20:17:22+00:00","breadcrumb":{"@id":"https://zeytinburnu.istanbul/personel/suna-duzenli/#breadcrumb"},"inLanguage":"tr","potentialAction":[{"@type":"ReadAction","target":["https://zeytinburnu.istanbul/personel/suna-duzenli/"]}]},{"@type":"BreadcrumbList","@id":"https://zeytinburnu.istanbul/personel/suna-duzenli/#breadcrumb","itemListElement":[{"@type":"ListItem","position":1,"name":"Anasayfa","item":"https://zeytinburnu.istanbul/"},{"@type":"ListItem","position":2,"name":"Suna DÜZENLİ"}]},{"@type":"WebSite","@id":"https://zeytinburnu.istanbul/#website","url":"https://zeytinburnu.istanbul/","name":"Zeytinburnu Belediyesi","description":"","potentialAction":[{"@type":"SearchAction","target":{"@type":"EntryPoint","urlTemplate":"https://zeytinburnu.istanbul/?s={search_term_string}"},"query-input":"required name=search_term_string"}],"inLanguage":"tr"}]}</script>
<!-- / Yoast SEO plugin. -->

Suna DÜZENLİ - Zeytinburnu Belediyesi

1960&#8217;da Konya’da doğdu. Aslen Doğu Türkistan göçmeni bir aileye mensuptur. 1970 yılından bu yana Zeytinburnu&#8217;nda ikamet etmektedir. Siyasi hayatına 1974 yılında Zeytinburnu Ülkü Ocaklarında başlamıştır. Milliyetçi Hareket Partisi içerisinde çeşitli düzeylerde sorumluluklar üstlendi. 2014-2024 yılları  arasında MHP Zeytinburnu Kadın Kolları Başkanlığı,  Kazak Türkleri Vakfı Kadın Kolları Başkanlığı görevlerinde bulundu.
