

{"id":63152,"date":"2024-05-10T22:30:23","date_gmt":"2024-05-10T19:30:23","guid":{"rendered":"https:\/\/zeytinburnu.istanbul\/?post_type=personel&#038;p=63152"},"modified":"2024-05-13T09:09:31","modified_gmt":"2024-05-13T06:09:31","slug":"nazif-tunc","status":"publish","type":"personel","link":"https:\/\/zeytinburnu.istanbul\/personel\/nazif-tunc\/","title":{"rendered":"Nazif TUN\u00c7"},"content":{"rendered":"<p>1979 y\u0131l\u0131nda Malatya\u2019da do\u011fdu. \u0130lkokul, ortaokul ve lise e\u011fitimini Malatya\u2019da tamamlad\u0131. 2003 y\u0131l\u0131nda \u0130stanbul \u00dcniversitesi Hukuk Fak\u00fcltesinden mezun oldu. 2017-2024 y\u0131llar\u0131 aras\u0131nda AK Parti Zeytinburnu \u0130l\u00e7e Ba\u015fkan Yard\u0131mc\u0131l\u0131\u011f\u0131 yapt\u0131. Bu s\u00fcre boyunca Se\u00e7im \u0130\u015fleri Ba\u015fkanl\u0131\u011f\u0131 g\u00f6revini y\u00fcr\u00fctt\u00fc. Hukuk\u00e7ular Derne\u011fi \u00fcyesi olup Bak\u0131rk\u00f6y&#8217;de kendine ait ofiste serbest avukatl\u0131k yapmaktad\u0131r. \u0130stanbul 2 Nolu Barosu kurucu \u00fcyesidir. Evli ve \u00fc\u00e7 \u00e7ocuk babas\u0131d\u0131r.<\/p>\n","protected":false},"featured_media":63189,"template":"","gorevlendirme":[25],"acf":[],"yoast_head":"<!-- This site is optimized with the Yoast SEO plugin v21.5 - https:\/\/yoast.com\/wordpress\/plugins\/seo\/ -->\n<title>Nazif TUN\u00c7 - Zeytinburnu Belediyesi<\/title>\n<meta name=\"robots\" content=\"index, follow, max-snippet:-1, max-image-preview:large, max-video-preview:-1\" \/>\n<link rel=\"canonical\" href=\"https:\/\/zeytinburnu.istanbul\/personel\/nazif-tunc\/\" \/>\n<meta property=\"og:locale\" content=\"tr_TR\" \/>\n<meta property=\"og:type\" content=\"article\" \/>\n<meta property=\"og:title\" content=\"Nazif TUN\u00c7 - Zeytinburnu Belediyesi\" \/>\n<meta property=\"og:description\" content=\"1979 y\u0131l\u0131nda Malatya\u2019da do\u011fdu. \u0130lkokul, ortaokul ve lise e\u011fitimini Malatya\u2019da tamamlad\u0131. 2003 y\u0131l\u0131nda \u0130stanbul \u00dcniversitesi Hukuk Fak\u00fcltesinden mezun oldu. 2017-2024 y\u0131llar\u0131 aras\u0131nda AK Parti Zeytinburnu \u0130l\u00e7e Ba\u015fkan Yard\u0131mc\u0131l\u0131\u011f\u0131 yapt\u0131. Bu s\u00fcre boyunca Se\u00e7im \u0130\u015fleri Ba\u015fkanl\u0131\u011f\u0131 g\u00f6revini y\u00fcr\u00fctt\u00fc. Hukuk\u00e7ular Derne\u011fi \u00fcyesi olup Bak\u0131rk\u00f6y&#8217;de kendine ait ofiste serbest avukatl\u0131k yapmaktad\u0131r. \u0130stanbul 2 Nolu Barosu kurucu \u00fcyesidir. Evli [&hellip;]\" \/>\n<meta property=\"og:url\" content=\"https:\/\/zeytinburnu.istanbul\/personel\/nazif-tunc\/\" \/>\n<meta property=\"og:site_name\" content=\"Zeytinburnu Belediyesi\" \/>\n<meta property=\"article:publisher\" content=\"https:\/\/web.facebook.com\/zeytinburnubld\/\" \/>\n<meta property=\"article:modified_time\" content=\"2024-05-13T06:09:31+00:00\" \/>\n<meta property=\"og:image\" content=\"https:\/\/zeytinburnu.istanbul\/wp-content\/uploads\/2024\/04\/nazif-tunc.jpg\" \/>\n\t<meta property=\"og:image:width\" content=\"210\" \/>\n\t<meta property=\"og:image:height\" content=\"208\" \/>\n\t<meta property=\"og:image:type\" content=\"image\/jpeg\" \/>\n<meta name=\"twitter:card\" content=\"summary_large_image\" \/>\n<meta name=\"twitter:site\" content=\"@zeytinburnubld\" \/>\n<meta name=\"twitter:label1\" content=\"Tahmini okuma s\u00fcresi\" \/>\n\t<meta name=\"twitter:data1\" content=\"1 dakika\" \/>\n<script type=\"application\/ld+json\" class=\"yoast-schema-graph\">{\"@context\":\"https:\/\/schema.org\",\"@graph\":[{\"@type\":\"WebPage\",\"@id\":\"https:\/\/zeytinburnu.istanbul\/personel\/nazif-tunc\/\",\"url\":\"https:\/\/zeytinburnu.istanbul\/personel\/nazif-tunc\/\",\"name\":\"Nazif TUN\u00c7 - Zeytinburnu Belediyesi\",\"isPartOf\":{\"@id\":\"https:\/\/zeytinburnu.istanbul\/#website\"},\"datePublished\":\"2024-05-10T19:30:23+00:00\",\"dateModified\":\"2024-05-13T06:09:31+00:00\",\"breadcrumb\":{\"@id\":\"https:\/\/zeytinburnu.istanbul\/personel\/nazif-tunc\/#breadcrumb\"},\"inLanguage\":\"tr\",\"potentialAction\":[{\"@type\":\"ReadAction\",\"target\":[\"https:\/\/zeytinburnu.istanbul\/personel\/nazif-tunc\/\"]}]},{\"@type\":\"BreadcrumbList\",\"@id\":\"https:\/\/zeytinburnu.istanbul\/personel\/nazif-tunc\/#breadcrumb\",\"itemListElement\":[{\"@type\":\"ListItem\",\"position\":1,\"name\":\"Anasayfa\",\"item\":\"https:\/\/zeytinburnu.istanbul\/\"},{\"@type\":\"ListItem\",\"position\":2,\"name\":\"Nazif TUN\u00c7\"}]},{\"@type\":\"WebSite\",\"@id\":\"https:\/\/zeytinburnu.istanbul\/#website\",\"url\":\"https:\/\/zeytinburnu.istanbul\/\",\"name\":\"Zeytinburnu Belediyesi\",\"description\":\"\",\"potentialAction\":[{\"@type\":\"SearchAction\",\"target\":{\"@type\":\"EntryPoint\",\"urlTemplate\":\"https:\/\/zeytinburnu.istanbul\/?s={search_term_string}\"},\"query-input\":\"required name=search_term_string\"}],\"inLanguage\":\"tr\"}]}<\/script>\n<!-- \/ Yoast SEO plugin. -->","yoast_head_json":{"title":"Nazif TUN\u00c7 - Zeytinburnu Belediyesi","robots":{"index":"index","follow":"follow","max-snippet":"max-snippet:-1","max-image-preview":"max-image-preview:large","max-video-preview":"max-video-preview:-1"},"canonical":"https:\/\/zeytinburnu.istanbul\/personel\/nazif-tunc\/","og_locale":"tr_TR","og_type":"article","og_title":"Nazif TUN\u00c7 - Zeytinburnu Belediyesi","og_description":"1979 y\u0131l\u0131nda Malatya\u2019da do\u011fdu. \u0130lkokul, ortaokul ve lise e\u011fitimini Malatya\u2019da tamamlad\u0131. 2003 y\u0131l\u0131nda \u0130stanbul \u00dcniversitesi Hukuk Fak\u00fcltesinden mezun oldu. 2017-2024 y\u0131llar\u0131 aras\u0131nda AK Parti Zeytinburnu \u0130l\u00e7e Ba\u015fkan Yard\u0131mc\u0131l\u0131\u011f\u0131 yapt\u0131. Bu s\u00fcre boyunca Se\u00e7im \u0130\u015fleri Ba\u015fkanl\u0131\u011f\u0131 g\u00f6revini y\u00fcr\u00fctt\u00fc. Hukuk\u00e7ular Derne\u011fi \u00fcyesi olup Bak\u0131rk\u00f6y&#8217;de kendine ait ofiste serbest avukatl\u0131k yapmaktad\u0131r. \u0130stanbul 2 Nolu Barosu kurucu \u00fcyesidir. Evli [&hellip;]","og_url":"https:\/\/zeytinburnu.istanbul\/personel\/nazif-tunc\/","og_site_name":"Zeytinburnu Belediyesi","article_publisher":"https:\/\/web.facebook.com\/zeytinburnubld\/","article_modified_time":"2024-05-13T06:09:31+00:00","og_image":[{"width":210,"height":208,"url":"https:\/\/zeytinburnu.istanbul\/wp-content\/uploads\/2024\/04\/nazif-tunc.jpg","type":"image\/jpeg"}],"twitter_card":"summary_large_image","twitter_site":"@zeytinburnubld","twitter_misc":{"Tahmini okuma s\u00fcresi":"1 dakika"},"schema":{"@context":"https:\/\/schema.org","@graph":[{"@type":"WebPage","@id":"https:\/\/zeytinburnu.istanbul\/personel\/nazif-tunc\/","url":"https:\/\/zeytinburnu.istanbul\/personel\/nazif-tunc\/","name":"Nazif TUN\u00c7 - Zeytinburnu Belediyesi","isPartOf":{"@id":"https:\/\/zeytinburnu.istanbul\/#website"},"datePublished":"2024-05-10T19:30:23+00:00","dateModified":"2024-05-13T06:09:31+00:00","breadcrumb":{"@id":"https:\/\/zeytinburnu.istanbul\/personel\/nazif-tunc\/#breadcrumb"},"inLanguage":"tr","potentialAction":[{"@type":"ReadAction","target":["https:\/\/zeytinburnu.istanbul\/personel\/nazif-tunc\/"]}]},{"@type":"BreadcrumbList","@id":"https:\/\/zeytinburnu.istanbul\/personel\/nazif-tunc\/#breadcrumb","itemListElement":[{"@type":"ListItem","position":1,"name":"Anasayfa","item":"https:\/\/zeytinburnu.istanbul\/"},{"@type":"ListItem","position":2,"name":"Nazif TUN\u00c7"}]},{"@type":"WebSite","@id":"https:\/\/zeytinburnu.istanbul\/#website","url":"https:\/\/zeytinburnu.istanbul\/","name":"Zeytinburnu Belediyesi","description":"","potentialAction":[{"@type":"SearchAction","target":{"@type":"EntryPoint","urlTemplate":"https:\/\/zeytinburnu.istanbul\/?s={search_term_string}"},"query-input":"required name=search_term_string"}],"inLanguage":"tr"}]}},"meta_data":{"sidebar_tipi":"varsayilan","detay_tipi":false,"uyesi_oldugu_siyasi_parti":"AK PART\u0130","unvan":"","image_details":{"thumbnail":{"url":"https:\/\/zeytinburnu.istanbul\/wp-content\/uploads\/2024\/04\/nazif-tunc.jpg"},"full":{"file":"2024\/04\/nazif-tunc.jpg","width":210,"height":208,"mime_type":"image\/jpeg","url":"https:\/\/zeytinburnu.istanbul\/wp-content\/uploads\/2024\/04\/nazif-tunc.jpg"}}},"_links":{"self":[{"href":"https:\/\/zeytinburnu.istanbul\/api\/wp\/v2\/personel\/63152"}],"collection":[{"href":"https:\/\/zeytinburnu.istanbul\/api\/wp\/v2\/personel"}],"about":[{"href":"https:\/\/zeytinburnu.istanbul\/api\/wp\/v2\/types\/personel"}],"wp:featuredmedia":[{"embeddable":true,"href":"https:\/\/zeytinburnu.istanbul\/api\/wp\/v2\/media\/63189"}],"wp:attachment":[{"href":"https:\/\/zeytinburnu.istanbul\/api\/wp\/v2\/media?parent=63152"}],"wp:term":[{"taxonomy":"gorevlendirme","embeddable":true,"href":"https:\/\/zeytinburnu.istanbul\/api\/wp\/v2\/gorevlendirme?post=63152"}],"curies":[{"name":"wp","href":"https:\/\/api.w.org\/{rel}","templated":true}]}}

Nazif TUNÇ

<p>1979 yılında Malatya’da doğdu. İlkokul, ortaokul ve lise eğitimini Malatya’da tamamladı. 2003 yılında İstanbul Üniversitesi Hukuk Fakültesinden mezun oldu. 2017-2024 yılları arasında AK Parti Zeytinburnu İlçe Başkan Yardımcılığı yaptı. Bu süre boyunca Seçim İşleri Başkanlığı görevini yürüttü. Hukukçular Derneği üyesi olup Bakırköy&#8217;de kendine ait ofiste serbest avukatlık yapmaktadır. İstanbul 2 Nolu Barosu kurucu üyesidir. Evli ve üç çocuk babasıdır.</p>

<!-- This site is optimized with the Yoast SEO plugin v21.5 - https://yoast.com/wordpress/plugins/seo/ -->
<title>Nazif TUNÇ - Zeytinburnu Belediyesi</title>
<meta name="robots" content="index, follow, max-snippet:-1, max-image-preview:large, max-video-preview:-1" />
<link rel="canonical" href="https://zeytinburnu.istanbul/personel/nazif-tunc/" />
<meta property="og:locale" content="tr_TR" />
<meta property="og:type" content="article" />
<meta property="og:title" content="Nazif TUNÇ - Zeytinburnu Belediyesi" />
<meta property="og:description" content="1979 yılında Malatya’da doğdu. İlkokul, ortaokul ve lise eğitimini Malatya’da tamamladı. 2003 yılında İstanbul Üniversitesi Hukuk Fakültesinden mezun oldu. 2017-2024 yılları arasında AK Parti Zeytinburnu İlçe Başkan Yardımcılığı yaptı. Bu süre boyunca Seçim İşleri Başkanlığı görevini yürüttü. Hukukçular Derneği üyesi olup Bakırköy&#8217;de kendine ait ofiste serbest avukatlık yapmaktadır. İstanbul 2 Nolu Barosu kurucu üyesidir. Evli [&hellip;]" />
<meta property="og:url" content="https://zeytinburnu.istanbul/personel/nazif-tunc/" />
<meta property="og:site_name" content="Zeytinburnu Belediyesi" />
<meta property="article:publisher" content="https://web.facebook.com/zeytinburnubld/" />
<meta property="article:modified_time" content="2024-05-13T06:09:31+00:00" />
<meta property="og:image" content="https://zeytinburnu.istanbul/wp-content/uploads/2024/04/nazif-tunc.jpg" />
	<meta property="og:image:width" content="210" />
	<meta property="og:image:height" content="208" />
	<meta property="og:image:type" content="image/jpeg" />
<meta name="twitter:card" content="summary_large_image" />
<meta name="twitter:site" content="@zeytinburnubld" />
<meta name="twitter:label1" content="Tahmini okuma süresi" />
	<meta name="twitter:data1" content="1 dakika" />
<script type="application/ld+json" class="yoast-schema-graph">{"@context":"https://schema.org","@graph":[{"@type":"WebPage","@id":"https://zeytinburnu.istanbul/personel/nazif-tunc/","url":"https://zeytinburnu.istanbul/personel/nazif-tunc/","name":"Nazif TUNÇ - Zeytinburnu Belediyesi","isPartOf":{"@id":"https://zeytinburnu.istanbul/#website"},"datePublished":"2024-05-10T19:30:23+00:00","dateModified":"2024-05-13T06:09:31+00:00","breadcrumb":{"@id":"https://zeytinburnu.istanbul/personel/nazif-tunc/#breadcrumb"},"inLanguage":"tr","potentialAction":[{"@type":"ReadAction","target":["https://zeytinburnu.istanbul/personel/nazif-tunc/"]}]},{"@type":"BreadcrumbList","@id":"https://zeytinburnu.istanbul/personel/nazif-tunc/#breadcrumb","itemListElement":[{"@type":"ListItem","position":1,"name":"Anasayfa","item":"https://zeytinburnu.istanbul/"},{"@type":"ListItem","position":2,"name":"Nazif TUNÇ"}]},{"@type":"WebSite","@id":"https://zeytinburnu.istanbul/#website","url":"https://zeytinburnu.istanbul/","name":"Zeytinburnu Belediyesi","description":"","potentialAction":[{"@type":"SearchAction","target":{"@type":"EntryPoint","urlTemplate":"https://zeytinburnu.istanbul/?s={search_term_string}"},"query-input":"required name=search_term_string"}],"inLanguage":"tr"}]}</script>
<!-- / Yoast SEO plugin. -->

Nazif TUNÇ - Zeytinburnu Belediyesi

1979 yılında Malatya’da doğdu. İlkokul, ortaokul ve lise eğitimini Malatya’da tamamladı. 2003 yılında İstanbul Üniversitesi Hukuk Fakültesinden mezun oldu. 2017-2024 yılları arasında AK Parti Zeytinburnu İlçe Başkan Yardımcılığı yaptı. Bu süre boyunca Seçim İşleri Başkanlığı görevini yürüttü. Hukukçular Derneği üyesi olup Bakırköy&#8217;de kendine ait ofiste serbest avukatlık yapmaktadır. İstanbul 2 Nolu Barosu kurucu üyesidir. Evli [&hellip;]

AK PARTİ
