

{"id":1259,"date":"2024-05-10T08:55:18","date_gmt":"2024-05-10T05:55:18","guid":{"rendered":"https:\/\/2021.zeytinburnu.istanbul\/?post_type=personel&#038;p=1259"},"modified":"2024-05-10T23:11:32","modified_gmt":"2024-05-10T20:11:32","slug":"selamettin-yeniyol","status":"publish","type":"personel","link":"https:\/\/zeytinburnu.istanbul\/personel\/selamettin-yeniyol\/","title":{"rendered":"Selamettin YEN\u0130YOL"},"content":{"rendered":"<p>1973 y\u0131l\u0131nda \u0130stanbul&#8217;da do\u011fdu. Veliefendi \u0130lkokulu, Ye\u015filtepe Ortaokulu, Zeytinburnu End\u00fcstri ve Teknik Meslek Lisesinde \u00f6\u011frenim g\u00f6rd\u00fc. Zeytinburnu \u00c7\u0131rp\u0131c\u0131 Mahallesinde ikamet etmekte olup mobilya imalat\u0131 ile u\u011fra\u015fmaktad\u0131r. Evli ve iki \u00e7ocuk babas\u0131d\u0131r.<\/p>\n","protected":false},"featured_media":63639,"template":"","gorevlendirme":[25],"acf":[],"yoast_head":"<!-- This site is optimized with the Yoast SEO plugin v21.5 - https:\/\/yoast.com\/wordpress\/plugins\/seo\/ -->\n<title>Selamettin YEN\u0130YOL - Zeytinburnu Belediyesi<\/title>\n<meta name=\"robots\" content=\"index, follow, max-snippet:-1, max-image-preview:large, max-video-preview:-1\" \/>\n<link rel=\"canonical\" href=\"https:\/\/zeytinburnu.istanbul\/personel\/selamettin-yeniyol\/\" \/>\n<meta property=\"og:locale\" content=\"tr_TR\" \/>\n<meta property=\"og:type\" content=\"article\" \/>\n<meta property=\"og:title\" content=\"Selamettin YEN\u0130YOL - Zeytinburnu Belediyesi\" \/>\n<meta property=\"og:description\" content=\"1973 y\u0131l\u0131nda \u0130stanbul&#8217;da do\u011fdu. Veliefendi \u0130lkokulu, Ye\u015filtepe Ortaokulu, Zeytinburnu End\u00fcstri ve Teknik Meslek Lisesinde \u00f6\u011frenim g\u00f6rd\u00fc. Zeytinburnu \u00c7\u0131rp\u0131c\u0131 Mahallesinde ikamet etmekte olup mobilya imalat\u0131 ile u\u011fra\u015fmaktad\u0131r. Evli ve iki \u00e7ocuk babas\u0131d\u0131r.\" \/>\n<meta property=\"og:url\" content=\"https:\/\/zeytinburnu.istanbul\/personel\/selamettin-yeniyol\/\" \/>\n<meta property=\"og:site_name\" content=\"Zeytinburnu Belediyesi\" \/>\n<meta property=\"article:publisher\" content=\"https:\/\/web.facebook.com\/zeytinburnubld\/\" \/>\n<meta property=\"article:modified_time\" content=\"2024-05-10T20:11:32+00:00\" \/>\n<meta property=\"og:image\" content=\"https:\/\/zeytinburnu.istanbul\/wp-content\/uploads\/2024\/05\/selamettinyeniyol.jpg\" \/>\n\t<meta property=\"og:image:width\" content=\"210\" \/>\n\t<meta property=\"og:image:height\" content=\"208\" \/>\n\t<meta property=\"og:image:type\" content=\"image\/jpeg\" \/>\n<meta name=\"twitter:card\" content=\"summary_large_image\" \/>\n<meta name=\"twitter:site\" content=\"@zeytinburnubld\" \/>\n<meta name=\"twitter:label1\" content=\"Tahmini okuma s\u00fcresi\" \/>\n\t<meta name=\"twitter:data1\" content=\"1 dakika\" \/>\n<script type=\"application\/ld+json\" class=\"yoast-schema-graph\">{\"@context\":\"https:\/\/schema.org\",\"@graph\":[{\"@type\":\"WebPage\",\"@id\":\"https:\/\/zeytinburnu.istanbul\/personel\/selamettin-yeniyol\/\",\"url\":\"https:\/\/zeytinburnu.istanbul\/personel\/selamettin-yeniyol\/\",\"name\":\"Selamettin YEN\u0130YOL - Zeytinburnu Belediyesi\",\"isPartOf\":{\"@id\":\"https:\/\/zeytinburnu.istanbul\/#website\"},\"datePublished\":\"2024-05-10T05:55:18+00:00\",\"dateModified\":\"2024-05-10T20:11:32+00:00\",\"breadcrumb\":{\"@id\":\"https:\/\/zeytinburnu.istanbul\/personel\/selamettin-yeniyol\/#breadcrumb\"},\"inLanguage\":\"tr\",\"potentialAction\":[{\"@type\":\"ReadAction\",\"target\":[\"https:\/\/zeytinburnu.istanbul\/personel\/selamettin-yeniyol\/\"]}]},{\"@type\":\"BreadcrumbList\",\"@id\":\"https:\/\/zeytinburnu.istanbul\/personel\/selamettin-yeniyol\/#breadcrumb\",\"itemListElement\":[{\"@type\":\"ListItem\",\"position\":1,\"name\":\"Anasayfa\",\"item\":\"https:\/\/zeytinburnu.istanbul\/\"},{\"@type\":\"ListItem\",\"position\":2,\"name\":\"Selamettin YEN\u0130YOL\"}]},{\"@type\":\"WebSite\",\"@id\":\"https:\/\/zeytinburnu.istanbul\/#website\",\"url\":\"https:\/\/zeytinburnu.istanbul\/\",\"name\":\"Zeytinburnu Belediyesi\",\"description\":\"\",\"potentialAction\":[{\"@type\":\"SearchAction\",\"target\":{\"@type\":\"EntryPoint\",\"urlTemplate\":\"https:\/\/zeytinburnu.istanbul\/?s={search_term_string}\"},\"query-input\":\"required name=search_term_string\"}],\"inLanguage\":\"tr\"}]}<\/script>\n<!-- \/ Yoast SEO plugin. -->","yoast_head_json":{"title":"Selamettin YEN\u0130YOL - Zeytinburnu Belediyesi","robots":{"index":"index","follow":"follow","max-snippet":"max-snippet:-1","max-image-preview":"max-image-preview:large","max-video-preview":"max-video-preview:-1"},"canonical":"https:\/\/zeytinburnu.istanbul\/personel\/selamettin-yeniyol\/","og_locale":"tr_TR","og_type":"article","og_title":"Selamettin YEN\u0130YOL - Zeytinburnu Belediyesi","og_description":"1973 y\u0131l\u0131nda \u0130stanbul&#8217;da do\u011fdu. Veliefendi \u0130lkokulu, Ye\u015filtepe Ortaokulu, Zeytinburnu End\u00fcstri ve Teknik Meslek Lisesinde \u00f6\u011frenim g\u00f6rd\u00fc. Zeytinburnu \u00c7\u0131rp\u0131c\u0131 Mahallesinde ikamet etmekte olup mobilya imalat\u0131 ile u\u011fra\u015fmaktad\u0131r. Evli ve iki \u00e7ocuk babas\u0131d\u0131r.","og_url":"https:\/\/zeytinburnu.istanbul\/personel\/selamettin-yeniyol\/","og_site_name":"Zeytinburnu Belediyesi","article_publisher":"https:\/\/web.facebook.com\/zeytinburnubld\/","article_modified_time":"2024-05-10T20:11:32+00:00","og_image":[{"width":210,"height":208,"url":"https:\/\/zeytinburnu.istanbul\/wp-content\/uploads\/2024\/05\/selamettinyeniyol.jpg","type":"image\/jpeg"}],"twitter_card":"summary_large_image","twitter_site":"@zeytinburnubld","twitter_misc":{"Tahmini okuma s\u00fcresi":"1 dakika"},"schema":{"@context":"https:\/\/schema.org","@graph":[{"@type":"WebPage","@id":"https:\/\/zeytinburnu.istanbul\/personel\/selamettin-yeniyol\/","url":"https:\/\/zeytinburnu.istanbul\/personel\/selamettin-yeniyol\/","name":"Selamettin YEN\u0130YOL - Zeytinburnu Belediyesi","isPartOf":{"@id":"https:\/\/zeytinburnu.istanbul\/#website"},"datePublished":"2024-05-10T05:55:18+00:00","dateModified":"2024-05-10T20:11:32+00:00","breadcrumb":{"@id":"https:\/\/zeytinburnu.istanbul\/personel\/selamettin-yeniyol\/#breadcrumb"},"inLanguage":"tr","potentialAction":[{"@type":"ReadAction","target":["https:\/\/zeytinburnu.istanbul\/personel\/selamettin-yeniyol\/"]}]},{"@type":"BreadcrumbList","@id":"https:\/\/zeytinburnu.istanbul\/personel\/selamettin-yeniyol\/#breadcrumb","itemListElement":[{"@type":"ListItem","position":1,"name":"Anasayfa","item":"https:\/\/zeytinburnu.istanbul\/"},{"@type":"ListItem","position":2,"name":"Selamettin YEN\u0130YOL"}]},{"@type":"WebSite","@id":"https:\/\/zeytinburnu.istanbul\/#website","url":"https:\/\/zeytinburnu.istanbul\/","name":"Zeytinburnu Belediyesi","description":"","potentialAction":[{"@type":"SearchAction","target":{"@type":"EntryPoint","urlTemplate":"https:\/\/zeytinburnu.istanbul\/?s={search_term_string}"},"query-input":"required name=search_term_string"}],"inLanguage":"tr"}]}},"meta_data":{"sidebar_tipi":"varsayilan","detay_tipi":false,"uyesi_oldugu_siyasi_parti":"CHP","unvan":"","image_details":{"thumbnail":{"url":"https:\/\/zeytinburnu.istanbul\/wp-content\/uploads\/2024\/05\/selamettinyeniyol.jpg"},"full":{"file":"2024\/05\/selamettinyeniyol.jpg","width":210,"height":208,"mime_type":"image\/jpeg","url":"https:\/\/zeytinburnu.istanbul\/wp-content\/uploads\/2024\/05\/selamettinyeniyol.jpg"}}},"_links":{"self":[{"href":"https:\/\/zeytinburnu.istanbul\/api\/wp\/v2\/personel\/1259"}],"collection":[{"href":"https:\/\/zeytinburnu.istanbul\/api\/wp\/v2\/personel"}],"about":[{"href":"https:\/\/zeytinburnu.istanbul\/api\/wp\/v2\/types\/personel"}],"wp:featuredmedia":[{"embeddable":true,"href":"https:\/\/zeytinburnu.istanbul\/api\/wp\/v2\/media\/63639"}],"wp:attachment":[{"href":"https:\/\/zeytinburnu.istanbul\/api\/wp\/v2\/media?parent=1259"}],"wp:term":[{"taxonomy":"gorevlendirme","embeddable":true,"href":"https:\/\/zeytinburnu.istanbul\/api\/wp\/v2\/gorevlendirme?post=1259"}],"curies":[{"name":"wp","href":"https:\/\/api.w.org\/{rel}","templated":true}]}}

Selamettin YENİYOL

<p>1973 yılında İstanbul&#8217;da doğdu. Veliefendi İlkokulu, Yeşiltepe Ortaokulu, Zeytinburnu Endüstri ve Teknik Meslek Lisesinde öğrenim gördü. Zeytinburnu Çırpıcı Mahallesinde ikamet etmekte olup mobilya imalatı ile uğraşmaktadır. Evli ve iki çocuk babasıdır.</p>

<!-- This site is optimized with the Yoast SEO plugin v21.5 - https://yoast.com/wordpress/plugins/seo/ -->
<title>Selamettin YENİYOL - Zeytinburnu Belediyesi</title>
<meta name="robots" content="index, follow, max-snippet:-1, max-image-preview:large, max-video-preview:-1" />
<link rel="canonical" href="https://zeytinburnu.istanbul/personel/selamettin-yeniyol/" />
<meta property="og:locale" content="tr_TR" />
<meta property="og:type" content="article" />
<meta property="og:title" content="Selamettin YENİYOL - Zeytinburnu Belediyesi" />
<meta property="og:description" content="1973 yılında İstanbul&#8217;da doğdu. Veliefendi İlkokulu, Yeşiltepe Ortaokulu, Zeytinburnu Endüstri ve Teknik Meslek Lisesinde öğrenim gördü. Zeytinburnu Çırpıcı Mahallesinde ikamet etmekte olup mobilya imalatı ile uğraşmaktadır. Evli ve iki çocuk babasıdır." />
<meta property="og:url" content="https://zeytinburnu.istanbul/personel/selamettin-yeniyol/" />
<meta property="og:site_name" content="Zeytinburnu Belediyesi" />
<meta property="article:publisher" content="https://web.facebook.com/zeytinburnubld/" />
<meta property="article:modified_time" content="2024-05-10T20:11:32+00:00" />
<meta property="og:image" content="https://zeytinburnu.istanbul/wp-content/uploads/2024/05/selamettinyeniyol.jpg" />
	<meta property="og:image:width" content="210" />
	<meta property="og:image:height" content="208" />
	<meta property="og:image:type" content="image/jpeg" />
<meta name="twitter:card" content="summary_large_image" />
<meta name="twitter:site" content="@zeytinburnubld" />
<meta name="twitter:label1" content="Tahmini okuma süresi" />
	<meta name="twitter:data1" content="1 dakika" />
<script type="application/ld+json" class="yoast-schema-graph">{"@context":"https://schema.org","@graph":[{"@type":"WebPage","@id":"https://zeytinburnu.istanbul/personel/selamettin-yeniyol/","url":"https://zeytinburnu.istanbul/personel/selamettin-yeniyol/","name":"Selamettin YENİYOL - Zeytinburnu Belediyesi","isPartOf":{"@id":"https://zeytinburnu.istanbul/#website"},"datePublished":"2024-05-10T05:55:18+00:00","dateModified":"2024-05-10T20:11:32+00:00","breadcrumb":{"@id":"https://zeytinburnu.istanbul/personel/selamettin-yeniyol/#breadcrumb"},"inLanguage":"tr","potentialAction":[{"@type":"ReadAction","target":["https://zeytinburnu.istanbul/personel/selamettin-yeniyol/"]}]},{"@type":"BreadcrumbList","@id":"https://zeytinburnu.istanbul/personel/selamettin-yeniyol/#breadcrumb","itemListElement":[{"@type":"ListItem","position":1,"name":"Anasayfa","item":"https://zeytinburnu.istanbul/"},{"@type":"ListItem","position":2,"name":"Selamettin YENİYOL"}]},{"@type":"WebSite","@id":"https://zeytinburnu.istanbul/#website","url":"https://zeytinburnu.istanbul/","name":"Zeytinburnu Belediyesi","description":"","potentialAction":[{"@type":"SearchAction","target":{"@type":"EntryPoint","urlTemplate":"https://zeytinburnu.istanbul/?s={search_term_string}"},"query-input":"required name=search_term_string"}],"inLanguage":"tr"}]}</script>
<!-- / Yoast SEO plugin. -->

Selamettin YENİYOL - Zeytinburnu Belediyesi

1973 yılında İstanbul&#8217;da doğdu. Veliefendi İlkokulu, Yeşiltepe Ortaokulu, Zeytinburnu Endüstri ve Teknik Meslek Lisesinde öğrenim gördü. Zeytinburnu Çırpıcı Mahallesinde ikamet etmekte olup mobilya imalatı ile uğraşmaktadır. Evli ve iki çocuk babasıdır.
