

{"id":57611,"date":"2023-02-01T14:30:31","date_gmt":"2023-02-01T11:30:31","guid":{"rendered":"https:\/\/zeytinburnu.istanbul\/?post_type=etkinlikler&#038;p=57611"},"modified":"2023-02-01T14:30:31","modified_gmt":"2023-02-01T11:30:31","slug":"genclerle-bas-basa-10","status":"publish","type":"etkinlikler","link":"https:\/\/zeytinburnu.istanbul\/etkinlikler\/genclerle-bas-basa-10\/","title":{"rendered":"Gen\u00e7lerle Ba\u015f Ba\u015fa"},"content":{"rendered":"<p>Belediye Ba\u015fkan\u0131m\u0131z Say\u0131n \u00d6mer Ar\u0131soy\u2019un konuklu\u011fu ile her hafta bir<br \/>\nlisede ger\u00e7ekle\u015ftirdi\u011fimiz s\u00f6yle\u015fi program\u0131nda gen\u00e7lerimiz; isteklerini,<br \/>\ng\u00f6r\u00fc\u015f ve \u00f6nerilerini samimi bir ortamda dile getiriyorlar. Belediye Ba\u015fkan\u0131m\u0131z\u0131n tecr\u00fcbelerini, deneyimlerini \u00f6\u011frencilerimizle payla\u015ft\u0131\u011f\u0131; e\u011fitim,<br \/>\nspor, k\u00fclt\u00fcr ve sanat\u0131n yan\u0131 s\u0131ra Zeytinburnu\u2019muzun gelece\u011fine dair fikirlerin de konu\u015fuldu\u011fu s\u00f6yle\u015fi program\u0131nda yar\u0131n\u0131m\u0131z\u0131 birlikte \u015fekillendiriyoruz.<\/p>\n<p>09 \u015eubat, 14.00 : \u0130stanbul K\u0131z Anadolu \u0130mam Hatip Lisesi<br \/>\n16 \u015eubat, 14.00 : Zeytinburnu Mesleki ve Teknik Anadolu Lisesi<br \/>\n23 \u015eubat, 14.00 : Haluk \u00dcnde\u011fer Anadolu Lisesi<br \/>\n28 \u015eubat, 14.00 : Trisad Tekstil Teknolojisi Mesleki ve Teknik Anadolu Lisesi<\/p>\n","protected":false},"featured_media":0,"template":"","acf":[],"yoast_head":"<!-- This site is optimized with the Yoast SEO plugin v21.5 - https:\/\/yoast.com\/wordpress\/plugins\/seo\/ -->\n<title>Gen\u00e7lerle Ba\u015f Ba\u015fa - Zeytinburnu Belediyesi<\/title>\n<meta name=\"robots\" content=\"index, follow, max-snippet:-1, max-image-preview:large, max-video-preview:-1\" \/>\n<link rel=\"canonical\" href=\"https:\/\/zeytinburnu.istanbul\/etkinlikler\/genclerle-bas-basa-10\/\" \/>\n<meta property=\"og:locale\" content=\"tr_TR\" \/>\n<meta property=\"og:type\" content=\"article\" \/>\n<meta property=\"og:title\" content=\"Gen\u00e7lerle Ba\u015f Ba\u015fa - Zeytinburnu Belediyesi\" \/>\n<meta property=\"og:description\" content=\"Belediye Ba\u015fkan\u0131m\u0131z Say\u0131n \u00d6mer Ar\u0131soy\u2019un konuklu\u011fu ile her hafta bir lisede ger\u00e7ekle\u015ftirdi\u011fimiz s\u00f6yle\u015fi program\u0131nda gen\u00e7lerimiz; isteklerini, g\u00f6r\u00fc\u015f ve \u00f6nerilerini samimi bir ortamda dile getiriyorlar. Belediye Ba\u015fkan\u0131m\u0131z\u0131n tecr\u00fcbelerini, deneyimlerini \u00f6\u011frencilerimizle payla\u015ft\u0131\u011f\u0131; e\u011fitim, spor, k\u00fclt\u00fcr ve sanat\u0131n yan\u0131 s\u0131ra Zeytinburnu\u2019muzun gelece\u011fine dair fikirlerin de konu\u015fuldu\u011fu s\u00f6yle\u015fi program\u0131nda yar\u0131n\u0131m\u0131z\u0131 birlikte \u015fekillendiriyoruz. 09 \u015eubat, 14.00 : \u0130stanbul K\u0131z Anadolu [&hellip;]\" \/>\n<meta property=\"og:url\" content=\"https:\/\/zeytinburnu.istanbul\/etkinlikler\/genclerle-bas-basa-10\/\" \/>\n<meta property=\"og:site_name\" content=\"Zeytinburnu Belediyesi\" \/>\n<meta property=\"article:publisher\" content=\"https:\/\/web.facebook.com\/zeytinburnubld\/\" \/>\n<meta property=\"og:image\" content=\"https:\/\/zeytinburnu.istanbul\/wp-content\/uploads\/2021\/08\/zeytinburnu-belediyesi-yatay-logo-kapak.jpg\" \/>\n\t<meta property=\"og:image:width\" content=\"1579\" \/>\n\t<meta property=\"og:image:height\" content=\"1117\" \/>\n\t<meta property=\"og:image:type\" content=\"image\/jpeg\" \/>\n<meta name=\"twitter:card\" content=\"summary_large_image\" \/>\n<meta name=\"twitter:site\" content=\"@zeytinburnubld\" \/>\n<meta name=\"twitter:label1\" content=\"Tahmini okuma s\u00fcresi\" \/>\n\t<meta name=\"twitter:data1\" content=\"1 dakika\" \/>\n<script type=\"application\/ld+json\" class=\"yoast-schema-graph\">{\"@context\":\"https:\/\/schema.org\",\"@graph\":[{\"@type\":\"WebPage\",\"@id\":\"https:\/\/zeytinburnu.istanbul\/etkinlikler\/genclerle-bas-basa-10\/\",\"url\":\"https:\/\/zeytinburnu.istanbul\/etkinlikler\/genclerle-bas-basa-10\/\",\"name\":\"Gen\u00e7lerle Ba\u015f Ba\u015fa - Zeytinburnu Belediyesi\",\"isPartOf\":{\"@id\":\"https:\/\/zeytinburnu.istanbul\/#website\"},\"datePublished\":\"2023-02-01T11:30:31+00:00\",\"dateModified\":\"2023-02-01T11:30:31+00:00\",\"breadcrumb\":{\"@id\":\"https:\/\/zeytinburnu.istanbul\/etkinlikler\/genclerle-bas-basa-10\/#breadcrumb\"},\"inLanguage\":\"tr\",\"potentialAction\":[{\"@type\":\"ReadAction\",\"target\":[\"https:\/\/zeytinburnu.istanbul\/etkinlikler\/genclerle-bas-basa-10\/\"]}]},{\"@type\":\"BreadcrumbList\",\"@id\":\"https:\/\/zeytinburnu.istanbul\/etkinlikler\/genclerle-bas-basa-10\/#breadcrumb\",\"itemListElement\":[{\"@type\":\"ListItem\",\"position\":1,\"name\":\"Anasayfa\",\"item\":\"https:\/\/zeytinburnu.istanbul\/\"},{\"@type\":\"ListItem\",\"position\":2,\"name\":\"Etkinlikler\",\"item\":\"https:\/\/zeytinburnu.istanbul\/etkinlikler\/\"},{\"@type\":\"ListItem\",\"position\":3,\"name\":\"Gen\u00e7lerle Ba\u015f Ba\u015fa\"}]},{\"@type\":\"WebSite\",\"@id\":\"https:\/\/zeytinburnu.istanbul\/#website\",\"url\":\"https:\/\/zeytinburnu.istanbul\/\",\"name\":\"Zeytinburnu Belediyesi\",\"description\":\"\",\"potentialAction\":[{\"@type\":\"SearchAction\",\"target\":{\"@type\":\"EntryPoint\",\"urlTemplate\":\"https:\/\/zeytinburnu.istanbul\/?s={search_term_string}\"},\"query-input\":\"required name=search_term_string\"}],\"inLanguage\":\"tr\"}]}<\/script>\n<!-- \/ Yoast SEO plugin. -->","yoast_head_json":{"title":"Gen\u00e7lerle Ba\u015f Ba\u015fa - Zeytinburnu Belediyesi","robots":{"index":"index","follow":"follow","max-snippet":"max-snippet:-1","max-image-preview":"max-image-preview:large","max-video-preview":"max-video-preview:-1"},"canonical":"https:\/\/zeytinburnu.istanbul\/etkinlikler\/genclerle-bas-basa-10\/","og_locale":"tr_TR","og_type":"article","og_title":"Gen\u00e7lerle Ba\u015f Ba\u015fa - Zeytinburnu Belediyesi","og_description":"Belediye Ba\u015fkan\u0131m\u0131z Say\u0131n \u00d6mer Ar\u0131soy\u2019un konuklu\u011fu ile her hafta bir lisede ger\u00e7ekle\u015ftirdi\u011fimiz s\u00f6yle\u015fi program\u0131nda gen\u00e7lerimiz; isteklerini, g\u00f6r\u00fc\u015f ve \u00f6nerilerini samimi bir ortamda dile getiriyorlar. Belediye Ba\u015fkan\u0131m\u0131z\u0131n tecr\u00fcbelerini, deneyimlerini \u00f6\u011frencilerimizle payla\u015ft\u0131\u011f\u0131; e\u011fitim, spor, k\u00fclt\u00fcr ve sanat\u0131n yan\u0131 s\u0131ra Zeytinburnu\u2019muzun gelece\u011fine dair fikirlerin de konu\u015fuldu\u011fu s\u00f6yle\u015fi program\u0131nda yar\u0131n\u0131m\u0131z\u0131 birlikte \u015fekillendiriyoruz. 09 \u015eubat, 14.00 : \u0130stanbul K\u0131z Anadolu [&hellip;]","og_url":"https:\/\/zeytinburnu.istanbul\/etkinlikler\/genclerle-bas-basa-10\/","og_site_name":"Zeytinburnu Belediyesi","article_publisher":"https:\/\/web.facebook.com\/zeytinburnubld\/","og_image":[{"width":1579,"height":1117,"url":"https:\/\/zeytinburnu.istanbul\/wp-content\/uploads\/2021\/08\/zeytinburnu-belediyesi-yatay-logo-kapak.jpg","type":"image\/jpeg"}],"twitter_card":"summary_large_image","twitter_site":"@zeytinburnubld","twitter_misc":{"Tahmini okuma s\u00fcresi":"1 dakika"},"schema":{"@context":"https:\/\/schema.org","@graph":[{"@type":"WebPage","@id":"https:\/\/zeytinburnu.istanbul\/etkinlikler\/genclerle-bas-basa-10\/","url":"https:\/\/zeytinburnu.istanbul\/etkinlikler\/genclerle-bas-basa-10\/","name":"Gen\u00e7lerle Ba\u015f Ba\u015fa - Zeytinburnu Belediyesi","isPartOf":{"@id":"https:\/\/zeytinburnu.istanbul\/#website"},"datePublished":"2023-02-01T11:30:31+00:00","dateModified":"2023-02-01T11:30:31+00:00","breadcrumb":{"@id":"https:\/\/zeytinburnu.istanbul\/etkinlikler\/genclerle-bas-basa-10\/#breadcrumb"},"inLanguage":"tr","potentialAction":[{"@type":"ReadAction","target":["https:\/\/zeytinburnu.istanbul\/etkinlikler\/genclerle-bas-basa-10\/"]}]},{"@type":"BreadcrumbList","@id":"https:\/\/zeytinburnu.istanbul\/etkinlikler\/genclerle-bas-basa-10\/#breadcrumb","itemListElement":[{"@type":"ListItem","position":1,"name":"Anasayfa","item":"https:\/\/zeytinburnu.istanbul\/"},{"@type":"ListItem","position":2,"name":"Etkinlikler","item":"https:\/\/zeytinburnu.istanbul\/etkinlikler\/"},{"@type":"ListItem","position":3,"name":"Gen\u00e7lerle Ba\u015f Ba\u015fa"}]},{"@type":"WebSite","@id":"https:\/\/zeytinburnu.istanbul\/#website","url":"https:\/\/zeytinburnu.istanbul\/","name":"Zeytinburnu Belediyesi","description":"","potentialAction":[{"@type":"SearchAction","target":{"@type":"EntryPoint","urlTemplate":"https:\/\/zeytinburnu.istanbul\/?s={search_term_string}"},"query-input":"required name=search_term_string"}],"inLanguage":"tr"}]}},"meta_data":{"spot_ozet_metin":"","sidebar_tipi":"varsayilan","etkinlik_tarihi":"28 \u015eubat 2023","etkinlik_bitis_tarihi":"","etkinlik_saati":"14:00","katilimcilar":false,"konum_adi":"Zeytinburnu Gen\u00e7lik Merkezi","adres":"","konum":{"address":"G\u00f6kalp, Zeytinburnu Belediyesi Gen\u00e7lik Merkezi, 54\/4. Sokak, Zeytinburnu\/\u0130stanbul, T\u00fcrkiye","lat":40.9938611,"lng":28.9035789,"zoom":14,"place_id":"ChIJ89IOWye7yhQRmaGrpsYBLOE","name":"Zeytinburnu Belediyesi Gen\u00e7lik Merkezi","street_number":"No:13","street_name":"54\/4. Sokak","street_name_short":"54\/4. Sk.","state":"\u0130stanbul","post_code":"34020","country":"T\u00fcrkiye","country_short":"TR"},"galeri_basligi":"GALER\u0130","galeri":false,"app_gorsel":false,"image_details":{"thumbnail":{"url":false},"full":{"file":null,"width":null,"height":null,"mime_type":"","url":false}}},"_links":{"self":[{"href":"https:\/\/zeytinburnu.istanbul\/api\/wp\/v2\/etkinlikler\/57611"}],"collection":[{"href":"https:\/\/zeytinburnu.istanbul\/api\/wp\/v2\/etkinlikler"}],"about":[{"href":"https:\/\/zeytinburnu.istanbul\/api\/wp\/v2\/types\/etkinlikler"}],"wp:attachment":[{"href":"https:\/\/zeytinburnu.istanbul\/api\/wp\/v2\/media?parent=57611"}],"curies":[{"name":"wp","href":"https:\/\/api.w.org\/{rel}","templated":true}]}}

Gençlerle Baş Başa

<p>Belediye Başkanımız Sayın Ömer Arısoy’un konukluğu ile her hafta bir<br />
lisede gerçekleştirdiğimiz söyleşi programında gençlerimiz; isteklerini,<br />
görüş ve önerilerini samimi bir ortamda dile getiriyorlar. Belediye Başkanımızın tecrübelerini, deneyimlerini öğrencilerimizle paylaştığı; eğitim,<br />
spor, kültür ve sanatın yanı sıra Zeytinburnu’muzun geleceğine dair fikirlerin de konuşulduğu söyleşi programında yarınımızı birlikte şekillendiriyoruz.</p>
<p>09 Şubat, 14.00 : İstanbul Kız Anadolu İmam Hatip Lisesi<br />
16 Şubat, 14.00 : Zeytinburnu Mesleki ve Teknik Anadolu Lisesi<br />
23 Şubat, 14.00 : Haluk Ündeğer Anadolu Lisesi<br />
28 Şubat, 14.00 : Trisad Tekstil Teknolojisi Mesleki ve Teknik Anadolu Lisesi</p>

<!-- This site is optimized with the Yoast SEO plugin v21.5 - https://yoast.com/wordpress/plugins/seo/ -->
<title>Gençlerle Baş Başa - Zeytinburnu Belediyesi</title>
<meta name="robots" content="index, follow, max-snippet:-1, max-image-preview:large, max-video-preview:-1" />
<link rel="canonical" href="https://zeytinburnu.istanbul/etkinlikler/genclerle-bas-basa-10/" />
<meta property="og:locale" content="tr_TR" />
<meta property="og:type" content="article" />
<meta property="og:title" content="Gençlerle Baş Başa - Zeytinburnu Belediyesi" />
<meta property="og:description" content="Belediye Başkanımız Sayın Ömer Arısoy’un konukluğu ile her hafta bir lisede gerçekleştirdiğimiz söyleşi programında gençlerimiz; isteklerini, görüş ve önerilerini samimi bir ortamda dile getiriyorlar. Belediye Başkanımızın tecrübelerini, deneyimlerini öğrencilerimizle paylaştığı; eğitim, spor, kültür ve sanatın yanı sıra Zeytinburnu’muzun geleceğine dair fikirlerin de konuşulduğu söyleşi programında yarınımızı birlikte şekillendiriyoruz. 09 Şubat, 14.00 : İstanbul Kız Anadolu [&hellip;]" />
<meta property="og:url" content="https://zeytinburnu.istanbul/etkinlikler/genclerle-bas-basa-10/" />
<meta property="og:site_name" content="Zeytinburnu Belediyesi" />
<meta property="article:publisher" content="https://web.facebook.com/zeytinburnubld/" />
<meta property="og:image" content="https://zeytinburnu.istanbul/wp-content/uploads/2021/08/zeytinburnu-belediyesi-yatay-logo-kapak.jpg" />
	<meta property="og:image:width" content="1579" />
	<meta property="og:image:height" content="1117" />
	<meta property="og:image:type" content="image/jpeg" />
<meta name="twitter:card" content="summary_large_image" />
<meta name="twitter:site" content="@zeytinburnubld" />
<meta name="twitter:label1" content="Tahmini okuma süresi" />
	<meta name="twitter:data1" content="1 dakika" />
<script type="application/ld+json" class="yoast-schema-graph">{"@context":"https://schema.org","@graph":[{"@type":"WebPage","@id":"https://zeytinburnu.istanbul/etkinlikler/genclerle-bas-basa-10/","url":"https://zeytinburnu.istanbul/etkinlikler/genclerle-bas-basa-10/","name":"Gençlerle Baş Başa - Zeytinburnu Belediyesi","isPartOf":{"@id":"https://zeytinburnu.istanbul/#website"},"datePublished":"2023-02-01T11:30:31+00:00","dateModified":"2023-02-01T11:30:31+00:00","breadcrumb":{"@id":"https://zeytinburnu.istanbul/etkinlikler/genclerle-bas-basa-10/#breadcrumb"},"inLanguage":"tr","potentialAction":[{"@type":"ReadAction","target":["https://zeytinburnu.istanbul/etkinlikler/genclerle-bas-basa-10/"]}]},{"@type":"BreadcrumbList","@id":"https://zeytinburnu.istanbul/etkinlikler/genclerle-bas-basa-10/#breadcrumb","itemListElement":[{"@type":"ListItem","position":1,"name":"Anasayfa","item":"https://zeytinburnu.istanbul/"},{"@type":"ListItem","position":2,"name":"Etkinlikler","item":"https://zeytinburnu.istanbul/etkinlikler/"},{"@type":"ListItem","position":3,"name":"Gençlerle Baş Başa"}]},{"@type":"WebSite","@id":"https://zeytinburnu.istanbul/#website","url":"https://zeytinburnu.istanbul/","name":"Zeytinburnu Belediyesi","description":"","potentialAction":[{"@type":"SearchAction","target":{"@type":"EntryPoint","urlTemplate":"https://zeytinburnu.istanbul/?s={search_term_string}"},"query-input":"required name=search_term_string"}],"inLanguage":"tr"}]}</script>
<!-- / Yoast SEO plugin. -->

Gençlerle Baş Başa - Zeytinburnu Belediyesi

Belediye Başkanımız Sayın Ömer Arısoy’un konukluğu ile her hafta bir lisede gerçekleştirdiğimiz söyleşi programında gençlerimiz; isteklerini, görüş ve önerilerini samimi bir ortamda dile getiriyorlar. Belediye Başkanımızın tecrübelerini, deneyimlerini öğrencilerimizle paylaştığı; eğitim, spor, kültür ve sanatın yanı sıra Zeytinburnu’muzun geleceğine dair fikirlerin de konuşulduğu söyleşi programında yarınımızı birlikte şekillendiriyoruz. 09 Şubat, 14.00 : İstanbul Kız Anadolu [&hellip;]

28 Şubat 2023

Zeytinburnu Gençlik Merkezi

Gökalp, Zeytinburnu Belediyesi Gençlik Merkezi, 54/4. Sokak, Zeytinburnu/İstanbul, Türkiye

Zeytinburnu Belediyesi Gençlik Merkezi

İstanbul

Türkiye

GALERİ
